{"id":3027,"date":"2020-03-01T15:08:46","date_gmt":"2020-03-01T14:08:46","guid":{"rendered":"https:\/\/biharugra.reformatus.hu\/?page_id=3027"},"modified":"2020-05-10T07:30:05","modified_gmt":"2020-05-10T06:30:05","slug":"ugrai-reformatus-hirmondo","status":"publish","type":"page","link":"https:\/\/biharugra.reformatus.hu\/?page_id=3027","title":{"rendered":"Ugrai Reform\u00e1tus H\u00edrmond\u00f3"},"content":{"rendered":"<div class=\"entry-content\" itemprop=\"text\">\n\n<figure class=\"wp-block-image size-large\"><img data-recalc-dims=\"1\" loading=\"lazy\" decoding=\"async\" width=\"640\" height=\"184\" data-attachment-id=\"3030\" data-permalink=\"https:\/\/biharugra.reformatus.hu\/?attachment_id=3030\" data-orig-file=\"https:\/\/i0.wp.com\/biharugra.reformatus.hu\/wp-content\/uploads\/2020\/03\/URH_fejlec.jpg?fit=1514%2C435&amp;ssl=1\" data-orig-size=\"1514,435\" data-comments-opened=\"0\" data-image-meta=\"{&quot;aperture&quot;:&quot;0&quot;,&quot;credit&quot;:&quot;&quot;,&quot;camera&quot;:&quot;&quot;,&quot;caption&quot;:&quot;&quot;,&quot;created_timestamp&quot;:&quot;1581628142&quot;,&quot;copyright&quot;:&quot;&quot;,&quot;focal_length&quot;:&quot;0&quot;,&quot;iso&quot;:&quot;0&quot;,&quot;shutter_speed&quot;:&quot;0&quot;,&quot;title&quot;:&quot;&quot;,&quot;orientation&quot;:&quot;1&quot;}\" data-image-title=\"URH_fejlec\" data-image-description=\"\" data-image-caption=\"\" data-large-file=\"https:\/\/i0.wp.com\/biharugra.reformatus.hu\/wp-content\/uploads\/2020\/03\/URH_fejlec.jpg?fit=640%2C184&amp;ssl=1\" src=\"https:\/\/i0.wp.com\/biharugra.reformatus.hu\/wp-content\/uploads\/2020\/03\/URH_fejlec.jpg?resize=640%2C184&#038;ssl=1\" alt=\"\" class=\"wp-image-3030\" srcset=\"https:\/\/i0.wp.com\/biharugra.reformatus.hu\/wp-content\/uploads\/2020\/03\/URH_fejlec.jpg?resize=1024%2C294&amp;ssl=1 1024w, https:\/\/i0.wp.com\/biharugra.reformatus.hu\/wp-content\/uploads\/2020\/03\/URH_fejlec.jpg?resize=300%2C86&amp;ssl=1 300w, https:\/\/i0.wp.com\/biharugra.reformatus.hu\/wp-content\/uploads\/2020\/03\/URH_fejlec.jpg?resize=768%2C221&amp;ssl=1 768w, https:\/\/i0.wp.com\/biharugra.reformatus.hu\/wp-content\/uploads\/2020\/03\/URH_fejlec.jpg?resize=640%2C184&amp;ssl=1 640w, https:\/\/i0.wp.com\/biharugra.reformatus.hu\/wp-content\/uploads\/2020\/03\/URH_fejlec.jpg?resize=265%2C76&amp;ssl=1 265w, https:\/\/i0.wp.com\/biharugra.reformatus.hu\/wp-content\/uploads\/2020\/03\/URH_fejlec.jpg?w=1514&amp;ssl=1 1514w, https:\/\/i0.wp.com\/biharugra.reformatus.hu\/wp-content\/uploads\/2020\/03\/URH_fejlec.jpg?w=1280&amp;ssl=1 1280w\" sizes=\"auto, (max-width: 640px) 100vw, 640px\" \/><\/figure>\n\n\n<p style=\"text-align: center;\">Az al\u00e1bbiakban gy\u00fclekezeti \u00fajs\u00e1gunkat tudja elolvasni, let\u00f6lteni.<\/p>\n\n\n<p class=\"has-text-align-center\"><a href=\"https:\/\/biharugra.reformatus.hu\/wp-content\/uploads\/2020\/05\/URH-2020-majus-10.pdf\">Ugrai Reform\u00e1tus H\u00edrmond\u00f3 (2020. m\u00e1jus 10.)<\/a><\/p>\n\n\n\n<p class=\"has-text-align-center\"><a href=\"https:\/\/biharugra.reformatus.hu\/wp-content\/uploads\/2020\/05\/URH-2020-majus-3.pdf\">Ugrai Reform\u00e1tus H\u00edrmond\u00f3 (2020. m\u00e1jus 3.) Any\u00e1k napja<\/a><\/p>\n\n\n\n<p class=\"has-text-align-center\"><a href=\"https:\/\/biharugra.reformatus.hu\/wp-content\/uploads\/2020\/04\/URH-2020-aprilis-26.pdf\">Ugrai Reform\u00e1tus H\u00edrmond\u00f3 (2020. \u00e1prilis 26.)<\/a><\/p>\n\n\n\n<p class=\"has-text-align-center\"><a href=\"https:\/\/biharugra.reformatus.hu\/wp-content\/uploads\/2020\/04\/URH-2020-aprilis-19.pdf\">Ugrai Reform\u00e1tus H\u00edrmond\u00f3 (2020. \u00e1prilis 19.)<\/a><\/p>\n\n\n\n<p class=\"has-text-align-center\"><a href=\"https:\/\/biharugra.reformatus.hu\/wp-content\/uploads\/2020\/04\/URH-2020-aprilis-12.pdf\">Ugrai Reform\u00e1tus H\u00edrmond\u00f3 (2020. \u00e1prilis 12.) H\u00fasv\u00e9t<\/a><\/p>\n\n\n\n<p class=\"has-text-align-center\"><a href=\"https:\/\/biharugra.reformatus.hu\/wp-content\/uploads\/2020\/04\/URH-2020-aprilis-5.pdf\">Ugrai Reform\u00e1tus H\u00edrmond\u00f3 (2020. \u00e1prilis 5.) Vir\u00e1gvas\u00e1rnap<\/a><\/p>\n\n\n\n<p class=\"has-text-align-center\"><a href=\"https:\/\/biharugra.reformatus.hu\/wp-content\/uploads\/2020\/03\/URH-2020-marcius-27.pdf\">Ugrai Reform\u00e1tus H\u00edrmond\u00f3 (2020. m\u00e1rcius 27.)<\/a><\/p>\n\n\n\n<p class=\"has-text-align-center\"><a href=\"https:\/\/biharugra.reformatus.hu\/wp-content\/uploads\/2020\/03\/URH-2020-marcius-18-ra.pdf\">Ugrai Reform\u00e1tus H\u00edrmond\u00f3 (2020. m\u00e1rcius 18.)<\/a><\/p>\n\n\n\n<p class=\"has-text-align-center\"><a rel=\"noopener noreferrer\" target=\"_blank\" href=\"https:\/\/biharugra.reformatus.hu\/wp-content\/uploads\/2020\/03\/URH-01szam-vegleges.pdf\">Ugrai Reform\u00e1tus H\u00edrmond\u00f3 01. sz\u00e1m (2020. m\u00e1rcius)<\/a><\/p>\n\n\n<\/div>\n","protected":false},"excerpt":{"rendered":"<div class=\"entry-summary\" itemprop=\"text\">\n<p>Az al\u00e1bbiakban gy\u00fclekezeti \u00fajs\u00e1gunkat tudja elolvasni, let\u00f6lteni. Ugrai Reform\u00e1tus H\u00edrmond\u00f3 (2020. m\u00e1jus 10.) Ugrai Reform\u00e1tus H\u00edrmond\u00f3 (2020. m\u00e1jus 3.) Any\u00e1k napja Ugrai Reform\u00e1tus H\u00edrmond\u00f3 (2020. \u00e1prilis 26.) Ugrai Reform\u00e1tus H\u00edrmond\u00f3 (2020. \u00e1prilis 19.) Ugrai Reform\u00e1tus H\u00edrmond\u00f3 (2020. \u00e1prilis 12.) H\u00fasv\u00e9t Ugrai Reform\u00e1tus H\u00edrmond\u00f3 (2020. \u00e1prilis 5.) Vir\u00e1gvas\u00e1rnap Ugrai Reform\u00e1tus H\u00edrmond\u00f3 (2020. m\u00e1rcius 27.) Ugrai Reform\u00e1tus &#8230;<\/p>\n\n<\/div>\n","protected":false},"author":1,"featured_media":0,"parent":0,"menu_order":0,"comment_status":"closed","ping_status":"closed","template":"","meta":{"footnotes":""},"class_list":["post-3027","page","type-page","status-publish","hentry","entry-lead"],"jetpack_shortlink":"https:\/\/wp.me\/P9cS46-MP","jetpack-related-posts":[{"id":141,"url":"https:\/\/biharugra.reformatus.hu\/?page_id=141","url_meta":{"origin":3027,"position":0},"title":"A gy\u00fclekezet lelkip\u00e1sztorai","author":"Webmester","date":"2014.04.11.","format":false,"excerpt":"H\u00e1rom \u00e9vsz\u00e1zad reform\u00e1tus lelk\u00e9szei Biharugr\u00e1n 1. Alf\u00f6ldi (Keresztneve ismeretlen) 2. F\u00f6ldesi (Keresztneve ismeretlen) 3. Marosi J\u00e1nos 4. S\u00e1rai Andr\u00e1s 5. B\u00e1tori Istv\u00e1n 6. Marosi J\u00e1nos 7. Hunyadi Istv\u00e1n 8. Tokai J\u00f3zsef 9. Hal\u00e1sz Istv\u00e1n (1765-ig szolg\u00e1lt Ugr\u00e1n), Ugr\u00e1n temett\u00e9k el. 10. H\u00e9ti (H\u00e9tyi) Ferencz (ugrai szolg\u00e1lati ideje: 1765-1774). \"hozatott p\u00fcsp\u00f6ki\u2026","rel":"","context":"Similar post","block_context":{"text":"Similar post","link":""},"img":{"alt_text":"","src":"","width":0,"height":0},"classes":[]},{"id":137,"url":"https:\/\/biharugra.reformatus.hu\/?page_id=137","url_meta":{"origin":3027,"position":1},"title":"A templom \u00e9s a par\u00f3kia t\u00f6rt\u00e9nete","author":"Webmester","date":"2014.04.11.","format":false,"excerpt":"A templom \u00e9p\u00fclet\u00e9nek t\u00f6rt\u00e9nete \u00a0 \u00a0 \u00a0 Az \u00e9p\u00fclet t\u00f6rt\u00e9nete az \u00c1rp\u00e1d-korig ny\u00falik vissza. A mai templom - a torony \u00e9s a d\u00e9li oldal\u00e1n elhelyezett toldal\u00e9k\u00e9p\u00fclet (porticus) kiv\u00e9tel\u00e9vel - rom\u00e1n kori alapfalakra \u00e9p\u00fclt fel. A f\u00e9lk\u00f6r\u00edves szent\u00e9ly (apszis) k\u00fcls\u0151 oldal\u00e1n legal\u00e1bb 1 - 1,5 m\u00e9ter magass\u00e1gig \u00e1ll a k\u00f6z\u00e9pkori fal,\u2026","rel":"","context":"Similar post","block_context":{"text":"Similar post","link":""},"img":{"alt_text":"","src":"","width":0,"height":0},"classes":[]},{"id":139,"url":"https:\/\/biharugra.reformatus.hu\/?page_id=139","url_meta":{"origin":3027,"position":2},"title":"A gy\u00fclekezet t\u00f6rt\u00e9nete","author":"Webmester","date":"2014.04.11.","format":false,"excerpt":"Ugra \u00e9s k\u00f6rny\u00e9ke feltehet\u0151en a XVI. sz\u00e1zad m\u00e1sodik fel\u00e9ben csatlakozott a reform\u00e1ci\u00f3hoz. Hiteles \u00e9s biztos adataink a kezdetekr\u0151l nincsenek. \"A Magyarorsz\u00e1gi Ev. Ref. Egyh\u00e1z Egyetemes N\u00e9vt\u00e1ra az 1886. \u00e9vre\" c. kiadv\u00e1nyban (Budapest, 1887.) az egyh\u00e1zk\u00f6zs\u00e9g keletkez\u00e9s\u00e9nek \u00e9vek\u00e9nt 1599 szerepel. \"A Magyarorsz\u00e1gi Reform\u00e1tus Egyh\u00e1z Egyetemes N\u00e9vt\u00e1ra az 1912. \u00e9vre\" c. kiadv\u00e1nyban\u2026","rel":"","context":"Similar post","block_context":{"text":"Similar post","link":""},"img":{"alt_text":"","src":"","width":0,"height":0},"classes":[]},{"id":1704,"url":"https:\/\/biharugra.reformatus.hu\/?page_id=1704","url_meta":{"origin":3027,"position":3},"title":"Keny\u00e9rmorzsa sz\u00edn\u0171 Isten h\u00e1za Biharugr\u00e1n","author":"Webmester","date":"2017.09.27.","format":false,"excerpt":"K\u00f6zel 50 milli\u00f3 forintb\u00f3l \u00fajul meg Biharugra reform\u00e1tus temploma \u2013 sz\u00e1molt be Szab\u00f3 \u00c1rp\u00e1d Csaba, a reform\u00e1tus egyh\u00e1zk\u00f6zs\u00e9g lelk\u00e9sze \u00e9s Makra Tibor, a telep\u00fcl\u00e9s polg\u00e1rmestere. Elk\u00e9pzelhet\u0151, hogy a korszer\u0171s\u00edt\u00e9s m\u00e9g az id\u00e9n elkezd\u0151dik \u00e9s j\u00f6v\u0151 \u00e9v v\u00e9g\u00e9re befejez\u0151dik. A torony \u00e9s a haj\u00f3 ugyanolyan sz\u00edn\u0171 lesz: keny\u00e9rmorzsa. Teljes k\u00fcls\u0151 fel\u00faj\u00edt\u00e1s\u2026","rel":"","context":"Similar post","block_context":{"text":"Similar post","link":""},"img":{"alt_text":"","src":"https:\/\/i0.wp.com\/biharugra.reformatus.hu\/wp-content\/uploads\/2017\/09\/templomfelujit-1024x968.jpg?resize=350%2C200","width":350,"height":200,"srcset":"https:\/\/i0.wp.com\/biharugra.reformatus.hu\/wp-content\/uploads\/2017\/09\/templomfelujit-1024x968.jpg?resize=350%2C200 1x, https:\/\/i0.wp.com\/biharugra.reformatus.hu\/wp-content\/uploads\/2017\/09\/templomfelujit-1024x968.jpg?resize=525%2C300 1.5x"},"classes":[]},{"id":62,"url":"https:\/\/biharugra.reformatus.hu\/?page_id=62","url_meta":{"origin":3027,"position":4},"title":"Hitelveink","author":"Webmester","date":"2014.03.31.","format":false,"excerpt":"K\u00e1lvin J\u00e1nos (1509. j\u00falius 10. \u2013 1564. m\u00e1jus 27) Igyekezt\u00fcnk t\u00f6m\u00f6ren \u00f6sszefoglalni, mi is az, ami alapj\u00e1n magunkat, mint reform\u00e1tus kereszty\u00e9n emberek hat\u00e1rozzuk meg. Ismerjen meg benn\u00fcnket a fenti men\u00fc pontjain v\u00e9gighaladva!","rel":"","context":"Similar post","block_context":{"text":"Similar post","link":""},"img":{"alt_text":"01v\/11\/arve\/G2582\/020","src":"https:\/\/i0.wp.com\/biharugra.reformatus.hu\/wp-content\/uploads\/2014\/03\/Kalvin_Janos.jpg?resize=350%2C200","width":350,"height":200},"classes":[]},{"id":977,"url":"https:\/\/biharugra.reformatus.hu\/?page_id=977","url_meta":{"origin":3027,"position":5},"title":"P\u00e9ld\u00e1tlan \u00f6sszefog\u00e1s \u00e9s \u00f6r\u00f6m Biharugr\u00e1n","author":"Webmester","date":"2015.06.23.","format":false,"excerpt":"A biharugrai reform\u00e1tus egyh\u00e1zk\u00f6zs\u00e9g \u00e9let\u00e9ben az elm\u00falt id\u0151ben sz\u00e1mos olyan nagyform\u00e1tum\u00fa esem\u00e9ny t\u00f6rt\u00e9nt, amely a kis k\u00f6z\u00f6ss\u00e9g \u00f6sszetartoz\u00e1s\u00e1t, \u00f6sszefog\u00e1s\u00e1nak erej\u00e9t bizony\u00edtotta. Az itt \u00e9l\u0151 emberek szem\u00e9lyes lehet\u0151s\u00e9g\u00fck f\u00fcggv\u00e9ny\u00e9ben felekezeti hovatartoz\u00e1sukt\u00f3l f\u00fcggetlen\u00fcl adakoz\u00e1ssal, munk\u00e1jukkal, sz\u00edves vend\u00e9gl\u00e1t\u00e1sukkal j\u00e1rultak hozz\u00e1 a telep\u00fcl\u00e9s fejl\u0151d\u00e9s\u00e9hez. \u00daj gy\u00fclekezeti terem \u00e9p\u00fclt \u00e9s k\u00f6zadakoz\u00e1sb\u00f3l meg\u00fajult a harangoz\u00f3szerkezet \u00e9s\u2026","rel":"","context":"Similar post","block_context":{"text":"Similar post","link":""},"img":{"alt_text":"","src":"","width":0,"height":0},"classes":[]}],"jetpack_sharing_enabled":true,"_links":{"self":[{"href":"https:\/\/biharugra.reformatus.hu\/index.php?rest_route=\/wp\/v2\/pages\/3027","targetHints":{"allow":["GET"]}}],"collection":[{"href":"https:\/\/biharugra.reformatus.hu\/index.php?rest_route=\/wp\/v2\/pages"}],"about":[{"href":"https:\/\/biharugra.reformatus.hu\/index.php?rest_route=\/wp\/v2\/types\/page"}],"author":[{"embeddable":true,"href":"https:\/\/biharugra.reformatus.hu\/index.php?rest_route=\/wp\/v2\/users\/1"}],"replies":[{"embeddable":true,"href":"https:\/\/biharugra.reformatus.hu\/index.php?rest_route=%2Fwp%2Fv2%2Fcomments&post=3027"}],"version-history":[{"count":15,"href":"https:\/\/biharugra.reformatus.hu\/index.php?rest_route=\/wp\/v2\/pages\/3027\/revisions"}],"predecessor-version":[{"id":3089,"href":"https:\/\/biharugra.reformatus.hu\/index.php?rest_route=\/wp\/v2\/pages\/3027\/revisions\/3089"}],"wp:attachment":[{"href":"https:\/\/biharugra.reformatus.hu\/index.php?rest_route=%2Fwp%2Fv2%2Fmedia&parent=3027"}],"curies":[{"name":"wp","href":"https:\/\/api.w.org\/{rel}","templated":true}]}}