{"id":349,"date":"2014-04-14T08:57:50","date_gmt":"2014-04-14T06:57:50","guid":{"rendered":"http:\/\/biharugra.reformatus.hu\/?page_id=349"},"modified":"2017-09-29T06:52:19","modified_gmt":"2017-09-29T05:52:19","slug":"linktar","status":"publish","type":"page","link":"https:\/\/biharugra.reformatus.hu\/?page_id=349","title":{"rendered":"Linkt\u00e1r"},"content":{"rendered":"<div class=\"entry-content\" itemprop=\"text\">\n<p><center>Az \u00e1ltalunk aj\u00e1nlott oldalakat a bal oldalon l\u00e9v\u0151 men\u00fcben (kategoriz\u00e1lva) \u00e9rheti el.<\/p>\n<p><img data-recalc-dims=\"1\" loading=\"lazy\" decoding=\"async\" data-attachment-id=\"436\" data-permalink=\"https:\/\/biharugra.reformatus.hu\/?attachment_id=436\" data-orig-file=\"https:\/\/i0.wp.com\/biharugra.reformatus.hu\/wp-content\/uploads\/2014\/04\/teszt.png?fit=507%2C275&amp;ssl=1\" data-orig-size=\"507,275\" data-comments-opened=\"0\" data-image-meta=\"{&quot;aperture&quot;:&quot;0&quot;,&quot;credit&quot;:&quot;&quot;,&quot;camera&quot;:&quot;&quot;,&quot;caption&quot;:&quot;&quot;,&quot;created_timestamp&quot;:&quot;0&quot;,&quot;copyright&quot;:&quot;&quot;,&quot;focal_length&quot;:&quot;0&quot;,&quot;iso&quot;:&quot;0&quot;,&quot;shutter_speed&quot;:&quot;0&quot;,&quot;title&quot;:&quot;&quot;}\" data-image-title=\"teszt\" data-image-description=\"\" data-image-caption=\"\" data-large-file=\"https:\/\/i0.wp.com\/biharugra.reformatus.hu\/wp-content\/uploads\/2014\/04\/teszt.png?fit=507%2C275&amp;ssl=1\" src=\"https:\/\/i0.wp.com\/biharugra.reformatus.hu\/wp-content\/uploads\/2014\/04\/teszt.png?resize=507%2C275\" alt=\"teszt\" width=\"507\" height=\"275\" class=\"aligncenter size-full wp-image-436\" srcset=\"https:\/\/i0.wp.com\/biharugra.reformatus.hu\/wp-content\/uploads\/2014\/04\/teszt.png?w=507&amp;ssl=1 507w, https:\/\/i0.wp.com\/biharugra.reformatus.hu\/wp-content\/uploads\/2014\/04\/teszt.png?resize=300%2C162&amp;ssl=1 300w\" sizes=\"auto, (max-width: 507px) 100vw, 507px\" \/><\/center><\/p>\n\n\n<\/div>\n","protected":false},"excerpt":{"rendered":"<div class=\"entry-summary\" itemprop=\"text\">\n<p>Az \u00e1ltalunk aj\u00e1nlott oldalakat a bal oldalon l\u00e9v\u0151 men\u00fcben (kategoriz\u00e1lva) \u00e9rheti el.<\/p>\n\n<\/div>\n","protected":false},"author":1,"featured_media":0,"parent":0,"menu_order":0,"comment_status":"closed","ping_status":"closed","template":"","meta":{"footnotes":""},"class_list":["post-349","page","type-page","status-publish","hentry","entry-lead"],"jetpack_shortlink":"https:\/\/wp.me\/P9cS46-5D","jetpack-related-posts":[{"id":3187,"url":"https:\/\/biharugra.reformatus.hu\/?page_id=3187","url_meta":{"origin":349,"position":0},"title":"VP6-7.2.1-7.4.1.1-16","author":"Webmester","date":"2020.08.27.","format":false,"excerpt":"Biharugra egyh\u00e1zi telep\u00fcl\u00e9sk\u00e9pet meghat\u00e1roz\u00f3 \u00e9p\u00fcleteinek fejleszt\u00e9se Kedvezm\u00e9nyezett neve: Biharugrai Reform\u00e1tus Egyh\u00e1zk\u00f6zs\u00e9g P\u00e1ly\u00e1zati felh\u00edv\u00e1s neve, k\u00f3dsz\u00e1ma: A vid\u00e9ki t\u00e9rs\u00e9gek kism\u00e9ret\u0171 infrastrukt\u00far\u00e1j\u00e1nak \u00e9s alapvet\u0151 szolg\u00e1ltat\u00e1sainak fejleszt\u00e9s\u00e9re Telep\u00fcl\u00e9sk\u00e9pet meghat\u00e1roz\u00f3 \u00e9p\u00fcletek k\u00fcls\u0151 rekonstrukci\u00f3ja, t\u00f6bbfunkci\u00f3s k\u00f6z\u00f6ss\u00e9gi t\u00e9r l\u00e9trehoz\u00e1sa, fejleszt\u00e9se, energetikai korszer\u0171s\u00edt\u00e9s - VP6-7.2.1-7.4.1.1-16 Projekt c\u00edme: \u201eBiharugra egyh\u00e1zi telep\u00fcl\u00e9sk\u00e9pet meghat\u00e1roz\u00f3 \u00e9p\u00fcleteinek fejleszt\u00e9se\u201d Projekt azonos\u00edt\u00f3ja: 1775412993 A\u2026","rel":"","context":"Similar post","block_context":{"text":"Similar post","link":""},"img":{"alt_text":"","src":"https:\/\/i0.wp.com\/biharugra.reformatus.hu\/wp-content\/uploads\/2020\/11\/Sz%C3%A9cheny-log%C3%B3-1.png?resize=350%2C200&ssl=1","width":350,"height":200,"srcset":"https:\/\/i0.wp.com\/biharugra.reformatus.hu\/wp-content\/uploads\/2020\/11\/Sz%C3%A9cheny-log%C3%B3-1.png?resize=350%2C200&ssl=1 1x, https:\/\/i0.wp.com\/biharugra.reformatus.hu\/wp-content\/uploads\/2020\/11\/Sz%C3%A9cheny-log%C3%B3-1.png?resize=525%2C300&ssl=1 1.5x, https:\/\/i0.wp.com\/biharugra.reformatus.hu\/wp-content\/uploads\/2020\/11\/Sz%C3%A9cheny-log%C3%B3-1.png?resize=700%2C400&ssl=1 2x"},"classes":[]},{"id":137,"url":"https:\/\/biharugra.reformatus.hu\/?page_id=137","url_meta":{"origin":349,"position":1},"title":"A templom \u00e9s a par\u00f3kia t\u00f6rt\u00e9nete","author":"Webmester","date":"2014.04.11.","format":false,"excerpt":"A templom \u00e9p\u00fclet\u00e9nek t\u00f6rt\u00e9nete \u00a0 \u00a0 \u00a0 Az \u00e9p\u00fclet t\u00f6rt\u00e9nete az \u00c1rp\u00e1d-korig ny\u00falik vissza. A mai templom - a torony \u00e9s a d\u00e9li oldal\u00e1n elhelyezett toldal\u00e9k\u00e9p\u00fclet (porticus) kiv\u00e9tel\u00e9vel - rom\u00e1n kori alapfalakra \u00e9p\u00fclt fel. A f\u00e9lk\u00f6r\u00edves szent\u00e9ly (apszis) k\u00fcls\u0151 oldal\u00e1n legal\u00e1bb 1 - 1,5 m\u00e9ter magass\u00e1gig \u00e1ll a k\u00f6z\u00e9pkori fal,\u2026","rel":"","context":"Similar post","block_context":{"text":"Similar post","link":""},"img":{"alt_text":"","src":"","width":0,"height":0},"classes":[]},{"id":416,"url":"https:\/\/biharugra.reformatus.hu\/?page_id=416","url_meta":{"origin":349,"position":2},"title":"A kereszts\u00e9g \u00e1ld\u00e1sai","author":"Webmester","date":"2014.04.14.","format":false,"excerpt":"A kereszts\u00e9gben Isten felk\u00edn\u00e1lt szeretet-sz\u00f6vets\u00e9g\u00e9nek pecs\u00e9tje ker\u00fcl a gyermek homlok\u00e1ra. Isten oldal\u00e1r\u00f3l minden k\u00e9sz arra n\u00e9zve, hogy J\u00e9zus Krisztus kereszthal\u00e1la \u00e9s felt\u00e1mad\u00e1sa r\u00e9v\u00e9n a gyermek bocs\u00e1natot nyerjen b\u0171neire, \u00e9s egyben \u00f6v\u00e9 legyen az \u00f6r\u00f6k \u00e9let \u00f6r\u00f6ks\u00e9ge. A feln\u0151tt\u00e9 v\u00e1l\u00f3 emberen m\u00falik viszont, hogy hittel elfogadja-e ezeket az aj\u00e1nd\u00e9kokat vagy sem.\u2026","rel":"","context":"Similar post","block_context":{"text":"Similar post","link":""},"img":{"alt_text":"","src":"","width":0,"height":0},"classes":[]},{"id":3715,"url":"https:\/\/biharugra.reformatus.hu\/?page_id=3715","url_meta":{"origin":349,"position":3},"title":"MFP-EKEB\/2022","author":"Webmester","date":"2024.04.16.","format":false,"excerpt":"MFP-EKEB\/2022 SZAKMAI BESZ\u00c1MOL\u00d3 a Magyar Falu Program keret\u00e9ben meghirdetett, \u201eEgyh\u00e1zi k\u00f6z\u00f6ss\u00e9gszervez\u00e9shez kapcsol\u00f3d\u00f3 eszk\u00f6zbeszerz\u00e9s \u00e9s k\u00f6z\u00f6ss\u00e9gszervez\u0151 b\u00e9rt\u00e1mogat\u00e1sa\u201d c\u00edm\u0171, MFP-EKEB\/2022 k\u00f3dsz\u00e1m\u00fa p\u00e1ly\u00e1zati ki\u00edr\u00e1sra beny\u00fajtott, 3345524428 iratazonos\u00edt\u00f3sz\u00e1mon nyilv\u00e1ntartott projekthez Biharugrai Reform\u00e1tus Egyh\u00e1zk\u00f6zs\u00e9g 2022.02.05. napon t\u00e1mogat\u00e1si k\u00e9relmet ny\u00fajtott be a Magyar Falu Program keret\u00e9ben meghirdetett, \u201eEgyh\u00e1zi k\u00f6z\u00f6ss\u00e9gszervez\u00e9shez kapcsol\u00f3d\u00f3 eszk\u00f6zbeszerz\u00e9s \u00e9s k\u00f6z\u00f6ss\u00e9gszervez\u0151 b\u00e9rt\u00e1mogat\u00e1sa - 2022\u201d\u2026","rel":"","context":"Similar post","block_context":{"text":"Similar post","link":""},"img":{"alt_text":"","src":"https:\/\/i0.wp.com\/biharugra.reformatus.hu\/wp-content\/uploads\/2024\/04\/304964413_5261388963929474_6269827510566790097_n.jpg?resize=350%2C200","width":350,"height":200,"srcset":"https:\/\/i0.wp.com\/biharugra.reformatus.hu\/wp-content\/uploads\/2024\/04\/304964413_5261388963929474_6269827510566790097_n.jpg?resize=350%2C200 1x, https:\/\/i0.wp.com\/biharugra.reformatus.hu\/wp-content\/uploads\/2024\/04\/304964413_5261388963929474_6269827510566790097_n.jpg?resize=525%2C300 1.5x, https:\/\/i0.wp.com\/biharugra.reformatus.hu\/wp-content\/uploads\/2024\/04\/304964413_5261388963929474_6269827510566790097_n.jpg?resize=700%2C400 2x, https:\/\/i0.wp.com\/biharugra.reformatus.hu\/wp-content\/uploads\/2024\/04\/304964413_5261388963929474_6269827510566790097_n.jpg?resize=1050%2C600 3x, https:\/\/i0.wp.com\/biharugra.reformatus.hu\/wp-content\/uploads\/2024\/04\/304964413_5261388963929474_6269827510566790097_n.jpg?resize=1400%2C800 4x"},"classes":[]},{"id":521,"url":"https:\/\/biharugra.reformatus.hu\/?page_id=521","url_meta":{"origin":349,"position":4},"title":"Gy\u00fclekezeti csendes nap Biharugr\u00e1n","author":"Webmester","date":"2014.08.15.","format":false,"excerpt":"Biharugr\u00e1n 2006 \u00f3ta tartanak a reform\u00e1tusok gy\u00fclekezeti csendes napot, a testv\u00e9rgy\u00fclekezetekkel k\u00f6z\u00f6sen, amelyen kor\u00e1bban csak az egyh\u00e1z el\u00f6lj\u00e1r\u00f3k, a presbit\u00e9rium tagjai vettek r\u00e9szt. Ett\u0151l az \u00e9vt\u0151l kezd\u0151d\u0151en \u00fagy d\u00f6nt\u00f6ttek, hogy a gy\u00fclekezet is r\u00e9szt vehet a rendezv\u00e9nyen. Ebben az esztend\u0151ben \u00f6t\u00f6dik esztendeje, hogy a Trianoni szerz\u0151d\u00e9sek ut\u00e1n, 2009-ben \u00fajra megalakult\u2026","rel":"","context":"Similar post","block_context":{"text":"Similar post","link":""},"img":{"alt_text":"","src":"","width":0,"height":0},"classes":[]},{"id":2287,"url":"https:\/\/biharugra.reformatus.hu\/?page_id=2287","url_meta":{"origin":349,"position":5},"title":"Adatkezel\u00e9si t\u00e1j\u00e9koztat\u00f3","author":"Webmester","date":"2018.06.05.","format":false,"excerpt":"Kik vagyunkA weboldalunk c\u00edme: http:\/\/biharugra.reformatus.hu.M\u00e1s honlapokr\u00f3l sz\u00e1rmaz\u00f3 be\u00e1gyazott tartalmakA honlapon el\u00e9rhet\u0151 bejegyz\u00e9sek k\u00fcls\u0151 forr\u00e1sb\u00f3l sz\u00e1rmaz\u00f3 be\u00e1gyazott tartalmakat (pl. vide\u00f3k, k\u00e9pek, cikkek stb.) haszn\u00e1lhatnak. A k\u00fcls\u0151 forr\u00e1sb\u00f3l sz\u00e1rmaz\u00f3 be\u00e1gyazott tartalmak pontosan \u00fagy viselkednek, mintha megl\u00e1togattunk volna egy m\u00e1sik honlapot.Ezek a webhelyek lehets\u00e9ges, hogy adatot gy\u0171jtenek a l\u00e1togat\u00f3kr\u00f3l, s\u00fctiket vagy harmadik f\u00e9lt\u0151l\u2026","rel":"","context":"Similar post","block_context":{"text":"Similar post","link":""},"img":{"alt_text":"","src":"","width":0,"height":0},"classes":[]}],"jetpack_sharing_enabled":true,"_links":{"self":[{"href":"https:\/\/biharugra.reformatus.hu\/index.php?rest_route=\/wp\/v2\/pages\/349","targetHints":{"allow":["GET"]}}],"collection":[{"href":"https:\/\/biharugra.reformatus.hu\/index.php?rest_route=\/wp\/v2\/pages"}],"about":[{"href":"https:\/\/biharugra.reformatus.hu\/index.php?rest_route=\/wp\/v2\/types\/page"}],"author":[{"embeddable":true,"href":"https:\/\/biharugra.reformatus.hu\/index.php?rest_route=\/wp\/v2\/users\/1"}],"replies":[{"embeddable":true,"href":"https:\/\/biharugra.reformatus.hu\/index.php?rest_route=%2Fwp%2Fv2%2Fcomments&post=349"}],"version-history":[{"count":4,"href":"https:\/\/biharugra.reformatus.hu\/index.php?rest_route=\/wp\/v2\/pages\/349\/revisions"}],"predecessor-version":[{"id":438,"href":"https:\/\/biharugra.reformatus.hu\/index.php?rest_route=\/wp\/v2\/pages\/349\/revisions\/438"}],"wp:attachment":[{"href":"https:\/\/biharugra.reformatus.hu\/index.php?rest_route=%2Fwp%2Fv2%2Fmedia&parent=349"}],"curies":[{"name":"wp","href":"https:\/\/api.w.org\/{rel}","templated":true}]}}

Linktár

<div class="entry-content" itemprop="text">
<p><center>Az általunk ajánlott oldalakat a bal oldalon lévő menüben (kategorizálva) érheti el.</p>
<p><img data-recalc-dims="1" loading="lazy" decoding="async" data-attachment-id="436" data-permalink="https://biharugra.reformatus.hu/?attachment_id=436" data-orig-file="https://i0.wp.com/biharugra.reformatus.hu/wp-content/uploads/2014/04/teszt.png?fit=507%2C275&amp;ssl=1" data-orig-size="507,275" data-comments-opened="0" data-image-meta="{&quot;aperture&quot;:&quot;0&quot;,&quot;credit&quot;:&quot;&quot;,&quot;camera&quot;:&quot;&quot;,&quot;caption&quot;:&quot;&quot;,&quot;created_timestamp&quot;:&quot;0&quot;,&quot;copyright&quot;:&quot;&quot;,&quot;focal_length&quot;:&quot;0&quot;,&quot;iso&quot;:&quot;0&quot;,&quot;shutter_speed&quot;:&quot;0&quot;,&quot;title&quot;:&quot;&quot;}" data-image-title="teszt" data-image-description="" data-image-caption="" data-large-file="https://i0.wp.com/biharugra.reformatus.hu/wp-content/uploads/2014/04/teszt.png?fit=507%2C275&amp;ssl=1" src="https://i0.wp.com/biharugra.reformatus.hu/wp-content/uploads/2014/04/teszt.png?resize=507%2C275" alt="teszt" width="507" height="275" class="aligncenter size-full wp-image-436" srcset="https://i0.wp.com/biharugra.reformatus.hu/wp-content/uploads/2014/04/teszt.png?w=507&amp;ssl=1 507w, https://i0.wp.com/biharugra.reformatus.hu/wp-content/uploads/2014/04/teszt.png?resize=300%2C162&amp;ssl=1 300w" sizes="auto, (max-width: 507px) 100vw, 507px" /></center></p>


</div>

<div class="entry-summary" itemprop="text">
<p>Az általunk ajánlott oldalakat a bal oldalon lévő menüben (kategorizálva) érheti el.</p>

</div>

Biharugra egyházi településképet meghatározó épületeinek fejlesztése Kedvezményezett neve: Biharugrai Református Egyházközség Pályázati felhívás neve, kódszáma: A vidéki térségek kisméretű infrastruktúrájának és alapvető szolgáltatásainak fejlesztésére Településképet meghatározó épületek külső rekonstrukciója, többfunkciós közösségi tér létrehozása, fejlesztése, energetikai korszerűsítés - VP6-7.2.1-7.4.1.1-16 Projekt címe: „Biharugra egyházi településképet meghatározó épületeinek fejlesztése” Projekt azonosítója: 1775412993 A…

A templom és a parókia története

A templom épületének története       Az épület története az Árpád-korig nyúlik vissza. A mai templom - a torony és a déli oldalán elhelyezett toldaléképület (porticus) kivételével - román kori alapfalakra épült fel. A félköríves szentély (apszis) külső oldalán legalább 1 - 1,5 méter magasságig áll a középkori fal,…

A keresztség áldásai

A keresztségben Isten felkínált szeretet-szövetségének pecsétje kerül a gyermek homlokára. Isten oldaláról minden kész arra nézve, hogy Jézus Krisztus kereszthalála és feltámadása révén a gyermek bocsánatot nyerjen bűneire, és egyben övé legyen az örök élet öröksége. A felnőtté váló emberen múlik viszont, hogy hittel elfogadja-e ezeket az ajándékokat vagy sem.…

MFP-EKEB/2022 SZAKMAI BESZÁMOLÓ a Magyar Falu Program keretében meghirdetett, „Egyházi közösségszervezéshez kapcsolódó eszközbeszerzés és közösségszervező bértámogatása” című, MFP-EKEB/2022 kódszámú pályázati kiírásra benyújtott, 3345524428 iratazonosítószámon nyilvántartott projekthez Biharugrai Református Egyházközség 2022.02.05. napon támogatási kérelmet nyújtott be a Magyar Falu Program keretében meghirdetett, „Egyházi közösségszervezéshez kapcsolódó eszközbeszerzés és közösségszervező bértámogatása - 2022”…

Gyülekezeti csendes nap Biharugrán

Biharugrán 2006 óta tartanak a reformátusok gyülekezeti csendes napot, a testvérgyülekezetekkel közösen, amelyen korábban csak az egyház elöljárók, a presbitérium tagjai vettek részt. Ettől az évtől kezdődően úgy döntöttek, hogy a gyülekezet is részt vehet a rendezvényen. Ebben az esztendőben ötödik esztendeje, hogy a Trianoni szerződések után, 2009-ben újra megalakult…

Adatkezelési tájékoztató

Kik vagyunkA weboldalunk címe: http://biharugra.reformatus.hu.Más honlapokról származó beágyazott tartalmakA honlapon elérhető bejegyzések külső forrásból származó beágyazott tartalmakat (pl. videók, képek, cikkek stb.) használhatnak. A külső forrásból származó beágyazott tartalmak pontosan úgy viselkednek, mintha meglátogattunk volna egy másik honlapot.Ezek a webhelyek lehetséges, hogy adatot gyűjtenek a látogatókról, sütiket vagy harmadik féltől…
