{"id":413,"date":"2014-04-14T15:56:02","date_gmt":"2014-04-14T13:56:02","guid":{"rendered":"http:\/\/biharugra.reformatus.hu\/?page_id=413"},"modified":"2017-09-22T11:50:32","modified_gmt":"2017-09-22T10:50:32","slug":"reformatus-hazassag","status":"publish","type":"page","link":"https:\/\/biharugra.reformatus.hu\/?page_id=413","title":{"rendered":"Reform\u00e1tus h\u00e1zass\u00e1g"},"content":{"rendered":"<div class=\"entry-content\" itemprop=\"text\">\n<p style=\"text-align: justify;\">Amit egy jegyesp\u00e1rnak tudnia kell, ha a Biharugrai Reform\u00e1tus Egyh\u00e1zk\u00f6zs\u00e9gben szeretne h\u00e1zass\u00e1got k\u00f6tni:<\/p>\n<p style=\"text-align: justify;\">Isten Ig\u00e9je szerint a h\u00e1zass\u00e1g k\u00e9t egym\u00e1st szeret\u0151 ember \u00e9letre sz\u00f3l\u00f3 sz\u00f6vets\u00e9ge. Mindketten felel\u0151sek a d\u00f6nt\u00e9s\u00fck\u00e9rt, amellyel felv\u00e1llalj\u00e1k a m\u00e1sikat, megosztj\u00e1k vele \u00e9let\u00fcket, \u00f6r\u00f6meiket \u00e9s b\u00e1nataikat. A Teremt\u0151 Isten eg\u00e9sz \u00e9letre sz\u00f3l\u00f3 kapcsolatk\u00e9nt tervezte a h\u00e1zass\u00e1got, \u2013 annak esetleges megroml\u00e1s\u00e1\u00e9rt egyed\u00fcl az embert terheli a felel\u0151ss\u00e9g. Isten azonban seg\u00edts\u00e9g\u00e9t aj\u00e1nlja fel mindazoknak, akik erre h\u0171s\u00e9gesen k\u00e9rik \u0150t, hogy e kapcsolat \u00f6r\u00f6met, form\u00e1l\u00f3d\u00e1st \u00e9s \u00e1ld\u00e1st jelentsen mindk\u00e9t f\u00e9lnek, s majdani gyermekeiknek.<\/p>\n<p style=\"text-align: justify;\">A h\u00e1zass\u00e1gi szent sz\u00f6vets\u00e9get teh\u00e1t k\u00e9t ember k\u00f6ti meg egym\u00e1ssal, \u00fagy azonban, hogy mindketten hozz\u00e1k az \u00c1d\u00e1mt\u00f3l \u00e9s \u00c9v\u00e1t\u00f3l \u00f6r\u00f6k\u00f6lt romlott alapterm\u00e9szet\u00fcket. (1. P\u00e9ter 1,18) Az \u00e9l\u0151 Isten \u00fajj\u00e1teremt\u0151 szeretet\u00e9re van sz\u00fcks\u00e9g\u00fck, hogy a h\u00e1zass\u00e1gban mindv\u00e9gig megmaradhassanak, \u2013 folyamatosan bocs\u00e1natot k\u00e9rjenek, \u00e9s bocs\u00e1natot adjanak egym\u00e1snak, ahogyan az \u00e9l\u0151 Isten is megbocs\u00e1t a b\u0171nb\u00e1n\u00f3 embernek. (v\u00f6.: J\u00e1nos 3,7; 2. Korinthus 5,17; 1. J\u00e1nos 1,9)<\/p>\n<p style=\"text-align: justify;\">Ebb\u0151l k\u00f6vetkezik, hogy az egyh\u00e1zi esk\u00fcv\u0151 nem csodaszer, ha valaki nem b\u00edzik meg Isten seg\u00edt\u0151 szeretet\u00e9ben, a szertart\u00e1s \u00f6nmag\u00e1ban nem seg\u00edt rajta. M\u00e9gis \u00f3ri\u00e1si a jelent\u0151s\u00e9ge, hogy az Urat seg\u00edts\u00e9g\u00fcl h\u00edvva, vagy an\u00e9lk\u00fcl indul-e el egy h\u00e1zass\u00e1g. J\u00e9zus Krisztus teljes isteni hatalm\u00e1t, szeretet\u00e9t \u00e9s b\u00f6lcsess\u00e9g\u00e9t k\u00edn\u00e1lja fel ma is minden hozz\u00e1 fordul\u00f3 embernek. (J\u00e1nos 6,37; 15,5)<\/p>\n<p style=\"text-align: justify;\">Ez\u00e9rt valljuk, hogy nem az a d\u00f6nt\u0151 k\u00e9rd\u00e9s, hogy valaki meg van-e keresztelve, vagy hogy hol t\u00f6rt\u00e9nt a keresztel\u00e9se, hanem az, hogy hisz-e a felt\u00e1madott J\u00e9zus Krisztusban, van-e \u00e9l\u0151 kapcsolata Vele vagy m\u00e9g nincs.<\/p>\n<p style=\"text-align: justify;\">Hogy err\u0151l besz\u00e9lgethess\u00fcnk, minden jegyesp\u00e1rt legal\u00e1bb k\u00e9t jegyesoktat\u00e1sra, \u00e9s minimum k\u00e9t istentiszteletre elv\u00e1runk az esk\u00fcv\u0151 el\u0151tt. Az id\u0151pontokat a lelkip\u00e1sztorral kell egyeztetni. B\u00e1r J\u00e9zus a hit mindenek el\u0151tti fontoss\u00e1g\u00e1t mondja ki a M\u00e1rk 16,16-ban, hangs\u00falyozza a kereszts\u00e9g jelent\u0151s\u00e9t is.<\/p>\n<p style=\"text-align: justify;\">Ez\u00e9rt mi azt a felet, aki nincs megkeresztelve vagy nem konfirm\u00e1lt (= a hitvall\u00e1s els\u0151 nyilv\u00e1nos lehet\u0151s\u00e9ge), szeretettel megh\u00edvjuk \u00e9s r\u00e1b\u00edrjuk, hogy ha m\u00e1skor nem, h\u00e1t az esk\u00fcv\u0151 ut\u00e1ni h\u00f3napokban p\u00f3tolja \u00e9let\u00e9nek ezeket a hi\u00e1nyoss\u00e1gait. Term\u00e9szetesen, ha valaki m\u00e1s kereszty\u00e9n k\u00f6z\u00f6ss\u00e9gben gyakorolja a hit\u00e9t, \u0151t nem k\u00edv\u00e1njuk konfirm\u00e1lni.<\/p>\n<p style=\"text-align: justify;\">A kor\u00e1bban eml\u00edtett jegyesoktat\u00e1s alkalmain sz\u00f3 esik a szertart\u00e1s helyi jellemz\u0151ir\u0151l, az esk\u00fc sz\u00f6veg\u00e9r\u0151l \u00e9s minden egy\u00e9b tudnival\u00f3r\u00f3l.<\/p>\n<p style=\"text-align: justify;\"><b>Szeretettel v\u00e1runk mindenkit, aki Isten \u00e1ld\u00e1s\u00e1t szeretn\u00e9 k\u00e9rni h\u00e1zass\u00e1g\u00e1ra!<\/b><\/p>\n\n\n<\/div>\n","protected":false},"excerpt":{"rendered":"<div class=\"entry-summary\" itemprop=\"text\">\n<p>Amit egy jegyesp\u00e1rnak tudnia kell, ha a Biharugrai Reform\u00e1tus Egyh\u00e1zk\u00f6zs\u00e9gben szeretne h\u00e1zass\u00e1got k\u00f6tni: Isten Ig\u00e9je szerint a h\u00e1zass\u00e1g k\u00e9t egym\u00e1st szeret\u0151 ember \u00e9letre sz\u00f3l\u00f3 sz\u00f6vets\u00e9ge. Mindketten felel\u0151sek a d\u00f6nt\u00e9s\u00fck\u00e9rt, amellyel felv\u00e1llalj\u00e1k a m\u00e1sikat, megosztj\u00e1k vele \u00e9let\u00fcket, \u00f6r\u00f6meiket \u00e9s b\u00e1nataikat. A Teremt\u0151 Isten eg\u00e9sz \u00e9letre sz\u00f3l\u00f3 kapcsolatk\u00e9nt tervezte a h\u00e1zass\u00e1got, \u2013 annak esetleges megroml\u00e1s\u00e1\u00e9rt egyed\u00fcl az &#8230;<\/p>\n\n<\/div>\n","protected":false},"author":1,"featured_media":0,"parent":0,"menu_order":0,"comment_status":"closed","ping_status":"closed","template":"","meta":{"footnotes":""},"class_list":["post-413","page","type-page","status-publish","hentry","entry-lead"],"jetpack_shortlink":"https:\/\/wp.me\/P9cS46-6F","jetpack-related-posts":[{"id":1704,"url":"https:\/\/biharugra.reformatus.hu\/?page_id=1704","url_meta":{"origin":413,"position":0},"title":"Keny\u00e9rmorzsa sz\u00edn\u0171 Isten h\u00e1za Biharugr\u00e1n","author":"Webmester","date":"2017.09.27.","format":false,"excerpt":"K\u00f6zel 50 milli\u00f3 forintb\u00f3l \u00fajul meg Biharugra reform\u00e1tus temploma \u2013 sz\u00e1molt be Szab\u00f3 \u00c1rp\u00e1d Csaba, a reform\u00e1tus egyh\u00e1zk\u00f6zs\u00e9g lelk\u00e9sze \u00e9s Makra Tibor, a telep\u00fcl\u00e9s polg\u00e1rmestere. Elk\u00e9pzelhet\u0151, hogy a korszer\u0171s\u00edt\u00e9s m\u00e9g az id\u00e9n elkezd\u0151dik \u00e9s j\u00f6v\u0151 \u00e9v v\u00e9g\u00e9re befejez\u0151dik. A torony \u00e9s a haj\u00f3 ugyanolyan sz\u00edn\u0171 lesz: keny\u00e9rmorzsa. Teljes k\u00fcls\u0151 fel\u00faj\u00edt\u00e1s\u2026","rel":"","context":"Similar post","block_context":{"text":"Similar post","link":""},"img":{"alt_text":"","src":"https:\/\/i0.wp.com\/biharugra.reformatus.hu\/wp-content\/uploads\/2017\/09\/templomfelujit-1024x968.jpg?resize=350%2C200","width":350,"height":200,"srcset":"https:\/\/i0.wp.com\/biharugra.reformatus.hu\/wp-content\/uploads\/2017\/09\/templomfelujit-1024x968.jpg?resize=350%2C200 1x, https:\/\/i0.wp.com\/biharugra.reformatus.hu\/wp-content\/uploads\/2017\/09\/templomfelujit-1024x968.jpg?resize=525%2C300 1.5x"},"classes":[]},{"id":406,"url":"https:\/\/biharugra.reformatus.hu\/?page_id=406","url_meta":{"origin":413,"position":1},"title":"Mit jelent az, hogy reform\u00e1tusok vagyunk?","author":"Webmester","date":"2014.04.14.","format":false,"excerpt":"A magyar reform\u00e1tus identit\u00e1s meghat\u00e1roz\u00e1s\u00e1ra mi nem vagyunk illet\u00e9kesek, csak azok, akik egykor (1576) megalkott\u00e1k \u00e9s elfogadt\u00e1k egyh\u00e1zunk hitvall\u00e1sait, majd e hitvall\u00e1sok, mint z\u00e1szl\u00f3 k\u00f6r\u00e9 t\u00f6m\u00f6r\u00fcltek \u2013 olvashat\u00f3 S\u00edpos Ete \u00c1lmos \u00edr\u00e1s\u00e1ban. Ezzel a cikkel indul sorozatunk, amely egy p\u00e1rbesz\u00e9d form\u00e1j\u00e1ban a mai magyar reform\u00e1tus identit\u00e1s k\u00e9rd\u00e9s\u00e9t pr\u00f3b\u00e1lja min\u00e9l t\u00f6bb\u2026","rel":"","context":"Similar post","block_context":{"text":"Similar post","link":""},"img":{"alt_text":"","src":"","width":0,"height":0},"classes":[]},{"id":127,"url":"https:\/\/biharugra.reformatus.hu\/?page_id=127","url_meta":{"origin":413,"position":2},"title":"R\u00e9gebbi igehirdet\u00e9sek","author":"Webmester","date":"2014.04.11.","format":false,"excerpt":"Moln\u00e1r Imre 2011.08.21-i pr\u00e9dik\u00e1ci\u00f3ja Luk\u00e1cs 9, 12-17 (17.v.). El\u0151ima Dr\u00e1ga Mennyei \u00c9desaty\u00e1nk! H\u00e1latelt sz\u00edvvel k\u00f6sz\u00f6nj\u00fck meg, hogy ezen a mai vas\u00e1rnapi d\u00e9lel\u0151tt\u00f6n is egybegy\u0171jt\u00f6tt\u00e9l benn\u00fcnket a Te h\u00e1z\u00e1ban. K\u00f6sz\u00f6nj\u00fck, hogy ell\u00e1tsz benn\u00fcnket lelki t\u00e1pl\u00e1l\u00e9kkal av\u00e9gre, hogy er\u0151s\u00f6dj\u00fcnk hitben \u00e9s l\u00e9lekben. K\u00f6sz\u00f6nj\u00fck, hogy Te emberi gyarl\u00f3s\u00e1gunk ellen\u00e9re sem t\u00e1volodsz el T\u0151l\u00fcnk,\u2026","rel":"","context":"Similar post","block_context":{"text":"Similar post","link":""},"img":{"alt_text":"","src":"","width":0,"height":0},"classes":[]},{"id":416,"url":"https:\/\/biharugra.reformatus.hu\/?page_id=416","url_meta":{"origin":413,"position":3},"title":"A kereszts\u00e9g \u00e1ld\u00e1sai","author":"Webmester","date":"2014.04.14.","format":false,"excerpt":"A kereszts\u00e9gben Isten felk\u00edn\u00e1lt szeretet-sz\u00f6vets\u00e9g\u00e9nek pecs\u00e9tje ker\u00fcl a gyermek homlok\u00e1ra. Isten oldal\u00e1r\u00f3l minden k\u00e9sz arra n\u00e9zve, hogy J\u00e9zus Krisztus kereszthal\u00e1la \u00e9s felt\u00e1mad\u00e1sa r\u00e9v\u00e9n a gyermek bocs\u00e1natot nyerjen b\u0171neire, \u00e9s egyben \u00f6v\u00e9 legyen az \u00f6r\u00f6k \u00e9let \u00f6r\u00f6ks\u00e9ge. A feln\u0151tt\u00e9 v\u00e1l\u00f3 emberen m\u00falik viszont, hogy hittel elfogadja-e ezeket az aj\u00e1nd\u00e9kokat vagy sem.\u2026","rel":"","context":"Similar post","block_context":{"text":"Similar post","link":""},"img":{"alt_text":"","src":"","width":0,"height":0},"classes":[]},{"id":446,"url":"https:\/\/biharugra.reformatus.hu\/?page_id=446","url_meta":{"origin":413,"position":4},"title":"Ifj\u00fas\u00e1gi csoport","author":"Webmester","date":"2014.04.20.","format":false,"excerpt":"\u00a0 \u00a0","rel":"","context":"Similar post","block_context":{"text":"Similar post","link":""},"img":{"alt_text":"","src":"","width":0,"height":0},"classes":[]},{"id":1696,"url":"https:\/\/biharugra.reformatus.hu\/?page_id=1696","url_meta":{"origin":413,"position":5},"title":"\u00d6kumenikus \u00e9nekcsoport","author":"Webmester","date":"2017.09.22.","format":false,"excerpt":"Szeretn\u00e9k \u00e9nekelni N\u00e9ked \u00a0 Szeretn\u00e9k \u00e9nekelni N\u00e9ked, Uram, nyisd meg az ajkamat, hogy szent legyen mindig az \u00e9nek, amely sz\u00edvemb\u0151l felfakad. \u00a0 Hadd zengjem el, hogy sz\u00e1zszor \u00e1ldott keresztedn\u00e9l ki megpihen, hadd zengjem el, hogy megtal\u00e1lt ott s b\u00e9k\u00e9re lelt az \u00e9n sz\u00edvem. \u00a0 Szeretn\u00e9k \u00e9nekelni m\u00e1snak hogy N\u00e9ked \u00e9nekelni\u2026","rel":"","context":"Similar post","block_context":{"text":"Similar post","link":""},"img":{"alt_text":"","src":"https:\/\/i0.wp.com\/biharugra.reformatus.hu\/wp-content\/uploads\/2017\/09\/22015628_124895474837275_1490268778_o-1024x683.jpg?resize=350%2C200","width":350,"height":200,"srcset":"https:\/\/i0.wp.com\/biharugra.reformatus.hu\/wp-content\/uploads\/2017\/09\/22015628_124895474837275_1490268778_o-1024x683.jpg?resize=350%2C200 1x, https:\/\/i0.wp.com\/biharugra.reformatus.hu\/wp-content\/uploads\/2017\/09\/22015628_124895474837275_1490268778_o-1024x683.jpg?resize=525%2C300 1.5x"},"classes":[]}],"jetpack_sharing_enabled":true,"_links":{"self":[{"href":"https:\/\/biharugra.reformatus.hu\/index.php?rest_route=\/wp\/v2\/pages\/413","targetHints":{"allow":["GET"]}}],"collection":[{"href":"https:\/\/biharugra.reformatus.hu\/index.php?rest_route=\/wp\/v2\/pages"}],"about":[{"href":"https:\/\/biharugra.reformatus.hu\/index.php?rest_route=\/wp\/v2\/types\/page"}],"author":[{"embeddable":true,"href":"https:\/\/biharugra.reformatus.hu\/index.php?rest_route=\/wp\/v2\/users\/1"}],"replies":[{"embeddable":true,"href":"https:\/\/biharugra.reformatus.hu\/index.php?rest_route=%2Fwp%2Fv2%2Fcomments&post=413"}],"version-history":[{"count":2,"href":"https:\/\/biharugra.reformatus.hu\/index.php?rest_route=\/wp\/v2\/pages\/413\/revisions"}],"predecessor-version":[{"id":419,"href":"https:\/\/biharugra.reformatus.hu\/index.php?rest_route=\/wp\/v2\/pages\/413\/revisions\/419"}],"wp:attachment":[{"href":"https:\/\/biharugra.reformatus.hu\/index.php?rest_route=%2Fwp%2Fv2%2Fmedia&parent=413"}],"curies":[{"name":"wp","href":"https:\/\/api.w.org\/{rel}","templated":true}]}}