{"id":421,"date":"2014-04-14T16:00:21","date_gmt":"2014-04-14T14:00:21","guid":{"rendered":"http:\/\/biharugra.reformatus.hu\/?page_id=421"},"modified":"2017-09-22T11:47:19","modified_gmt":"2017-09-22T10:47:19","slug":"apostoli-hitvallas","status":"publish","type":"page","link":"https:\/\/biharugra.reformatus.hu\/?page_id=421","title":{"rendered":"Apostoli Hitvall\u00e1s"},"content":{"rendered":"<div class=\"entry-content\" itemprop=\"text\">\n<p style=\"text-align: justify;\">(Az \u00e9l\u0151 Istennek a keresztel\u0151h\u00f6z f\u0171z\u00f6tt \u00edg\u00e9retei csak a hit\u00fcket nyilv\u00e1nosan is megvall\u00f3 emberek \u00e9let\u00e9ben v\u00e1lnak val\u00f3s\u00e1gg\u00e1! V\u00f6.: M\u00e1rk 16,16; M\u00e1t\u00e9 10,32-33)<\/p>\n<p style=\"text-align: justify;\">Hiszek egy Istenben, mindenhat\u00f3 Aty\u00e1ban, mennynek \u00e9s f\u00f6ldnek teremt\u0151j\u00e9ben.<\/p>\n<p style=\"text-align: justify;\">\u00c9s J\u00e9zus Krisztusban, az \u0150 egysz\u00fcl\u00f6tt Fi\u00e1ban, a mi Urunkban, aki fogantatott Szentl\u00e9lekt\u0151l, sz\u00fcletett Sz\u0171z M\u00e1ri\u00e1t\u00f3l, szenvedett Poncius Pil\u00e1tus alatt; megfesz\u00edtett\u00e9k, meghalt \u00e9s eltemett\u00e9k. Al\u00e1sz\u00e1llt a poklokra, harmadnapon felt\u00e1madt a halottak k\u00f6z\u00fcl, f\u00f6lment a mennybe, ott \u00fcl a mindenhat\u00f3 Atya Isten jobbj\u00e1n; onnan j\u00f6n el \u00edt\u00e9lni \u00e9l\u0151ket \u00e9s holtakat.<\/p>\n<p style=\"text-align: justify;\">Hiszek Szentl\u00e9lekben. Hiszem az egyetemes anyaszentegyh\u00e1zat, a szentek k\u00f6z\u00f6ss\u00e9g\u00e9t, a b\u0171n\u00f6k bocs\u00e1nat\u00e1t, a test felt\u00e1mad\u00e1s\u00e1t \u00e9s az \u00f6r\u00f6k \u00e9letet. \u00c1men (\u00f6kumenikus ford\u00edt\u00e1s)<\/p>\n\n\n<\/div>\n","protected":false},"excerpt":{"rendered":"<div class=\"entry-summary\" itemprop=\"text\">\n<p>(Az \u00e9l\u0151 Istennek a keresztel\u0151h\u00f6z f\u0171z\u00f6tt \u00edg\u00e9retei csak a hit\u00fcket nyilv\u00e1nosan is megvall\u00f3 emberek \u00e9let\u00e9ben v\u00e1lnak val\u00f3s\u00e1gg\u00e1! V\u00f6.: M\u00e1rk 16,16; M\u00e1t\u00e9 10,32-33) Hiszek egy Istenben, mindenhat\u00f3 Aty\u00e1ban, mennynek \u00e9s f\u00f6ldnek teremt\u0151j\u00e9ben. \u00c9s J\u00e9zus Krisztusban, az \u0150 egysz\u00fcl\u00f6tt Fi\u00e1ban, a mi Urunkban, aki fogantatott Szentl\u00e9lekt\u0151l, sz\u00fcletett Sz\u0171z M\u00e1ri\u00e1t\u00f3l, szenvedett Poncius Pil\u00e1tus alatt; megfesz\u00edtett\u00e9k, meghalt \u00e9s eltemett\u00e9k. &#8230;<\/p>\n\n<\/div>\n","protected":false},"author":1,"featured_media":0,"parent":0,"menu_order":0,"comment_status":"closed","ping_status":"closed","template":"","meta":{"footnotes":""},"class_list":["post-421","page","type-page","status-publish","hentry","entry-lead"],"jetpack_shortlink":"https:\/\/wp.me\/P9cS46-6N","jetpack-related-posts":[{"id":406,"url":"https:\/\/biharugra.reformatus.hu\/?page_id=406","url_meta":{"origin":421,"position":0},"title":"Mit jelent az, hogy reform\u00e1tusok vagyunk?","author":"Webmester","date":"2014.04.14.","format":false,"excerpt":"A magyar reform\u00e1tus identit\u00e1s meghat\u00e1roz\u00e1s\u00e1ra mi nem vagyunk illet\u00e9kesek, csak azok, akik egykor (1576) megalkott\u00e1k \u00e9s elfogadt\u00e1k egyh\u00e1zunk hitvall\u00e1sait, majd e hitvall\u00e1sok, mint z\u00e1szl\u00f3 k\u00f6r\u00e9 t\u00f6m\u00f6r\u00fcltek \u2013 olvashat\u00f3 S\u00edpos Ete \u00c1lmos \u00edr\u00e1s\u00e1ban. Ezzel a cikkel indul sorozatunk, amely egy p\u00e1rbesz\u00e9d form\u00e1j\u00e1ban a mai magyar reform\u00e1tus identit\u00e1s k\u00e9rd\u00e9s\u00e9t pr\u00f3b\u00e1lja min\u00e9l t\u00f6bb\u2026","rel":"","context":"Similar post","block_context":{"text":"Similar post","link":""},"img":{"alt_text":"","src":"","width":0,"height":0},"classes":[]},{"id":127,"url":"https:\/\/biharugra.reformatus.hu\/?page_id=127","url_meta":{"origin":421,"position":1},"title":"R\u00e9gebbi igehirdet\u00e9sek","author":"Webmester","date":"2014.04.11.","format":false,"excerpt":"Moln\u00e1r Imre 2011.08.21-i pr\u00e9dik\u00e1ci\u00f3ja Luk\u00e1cs 9, 12-17 (17.v.). El\u0151ima Dr\u00e1ga Mennyei \u00c9desaty\u00e1nk! H\u00e1latelt sz\u00edvvel k\u00f6sz\u00f6nj\u00fck meg, hogy ezen a mai vas\u00e1rnapi d\u00e9lel\u0151tt\u00f6n is egybegy\u0171jt\u00f6tt\u00e9l benn\u00fcnket a Te h\u00e1z\u00e1ban. K\u00f6sz\u00f6nj\u00fck, hogy ell\u00e1tsz benn\u00fcnket lelki t\u00e1pl\u00e1l\u00e9kkal av\u00e9gre, hogy er\u0151s\u00f6dj\u00fcnk hitben \u00e9s l\u00e9lekben. K\u00f6sz\u00f6nj\u00fck, hogy Te emberi gyarl\u00f3s\u00e1gunk ellen\u00e9re sem t\u00e1volodsz el T\u0151l\u00fcnk,\u2026","rel":"","context":"Similar post","block_context":{"text":"Similar post","link":""},"img":{"alt_text":"","src":"","width":0,"height":0},"classes":[]},{"id":137,"url":"https:\/\/biharugra.reformatus.hu\/?page_id=137","url_meta":{"origin":421,"position":2},"title":"A templom \u00e9s a par\u00f3kia t\u00f6rt\u00e9nete","author":"Webmester","date":"2014.04.11.","format":false,"excerpt":"A templom \u00e9p\u00fclet\u00e9nek t\u00f6rt\u00e9nete \u00a0 \u00a0 \u00a0 Az \u00e9p\u00fclet t\u00f6rt\u00e9nete az \u00c1rp\u00e1d-korig ny\u00falik vissza. A mai templom - a torony \u00e9s a d\u00e9li oldal\u00e1n elhelyezett toldal\u00e9k\u00e9p\u00fclet (porticus) kiv\u00e9tel\u00e9vel - rom\u00e1n kori alapfalakra \u00e9p\u00fclt fel. A f\u00e9lk\u00f6r\u00edves szent\u00e9ly (apszis) k\u00fcls\u0151 oldal\u00e1n legal\u00e1bb 1 - 1,5 m\u00e9ter magass\u00e1gig \u00e1ll a k\u00f6z\u00e9pkori fal,\u2026","rel":"","context":"Similar post","block_context":{"text":"Similar post","link":""},"img":{"alt_text":"","src":"","width":0,"height":0},"classes":[]},{"id":977,"url":"https:\/\/biharugra.reformatus.hu\/?page_id=977","url_meta":{"origin":421,"position":3},"title":"P\u00e9ld\u00e1tlan \u00f6sszefog\u00e1s \u00e9s \u00f6r\u00f6m Biharugr\u00e1n","author":"Webmester","date":"2015.06.23.","format":false,"excerpt":"A biharugrai reform\u00e1tus egyh\u00e1zk\u00f6zs\u00e9g \u00e9let\u00e9ben az elm\u00falt id\u0151ben sz\u00e1mos olyan nagyform\u00e1tum\u00fa esem\u00e9ny t\u00f6rt\u00e9nt, amely a kis k\u00f6z\u00f6ss\u00e9g \u00f6sszetartoz\u00e1s\u00e1t, \u00f6sszefog\u00e1s\u00e1nak erej\u00e9t bizony\u00edtotta. Az itt \u00e9l\u0151 emberek szem\u00e9lyes lehet\u0151s\u00e9g\u00fck f\u00fcggv\u00e9ny\u00e9ben felekezeti hovatartoz\u00e1sukt\u00f3l f\u00fcggetlen\u00fcl adakoz\u00e1ssal, munk\u00e1jukkal, sz\u00edves vend\u00e9gl\u00e1t\u00e1sukkal j\u00e1rultak hozz\u00e1 a telep\u00fcl\u00e9s fejl\u0151d\u00e9s\u00e9hez. \u00daj gy\u00fclekezeti terem \u00e9p\u00fclt \u00e9s k\u00f6zadakoz\u00e1sb\u00f3l meg\u00fajult a harangoz\u00f3szerkezet \u00e9s\u2026","rel":"","context":"Similar post","block_context":{"text":"Similar post","link":""},"img":{"alt_text":"","src":"","width":0,"height":0},"classes":[]},{"id":409,"url":"https:\/\/biharugra.reformatus.hu\/?page_id=409","url_meta":{"origin":421,"position":4},"title":"Heidelbergi K\u00e1t\u00e9","author":"Webmester","date":"2014.04.14.","format":false,"excerpt":"(R\u00e9szlet a Magyarorsz\u00e1gi Reform\u00e1tus Egyh\u00e1z hitvall\u00e1s\u00e1b\u00f3l) 1. k\u00e9rd\u00e9s: Mi ten\u00e9ked \u00e9letedben \u00e9s hal\u00e1lodban egyetlenegy vigasztal\u00e1sod? Felelet: Az, hogy mind testest\u0151l, mind lelkest\u0151l, mind \u00e9letemben, mind hal\u00e1lomban nem a magam\u00e9, hanem az \u00e9n h\u0171s\u00e9ges Megv\u00e1lt\u00f3mnak, a J\u00e9zus Krisztusnak tulajdona vagyok, aki az O dr\u00e1ga v\u00e9r\u00e9vel minden b\u0171n\u00f6m\u00e9rt t\u00f6k\u00e9letesen eleget tett \u00e9s\u2026","rel":"","context":"Similar post","block_context":{"text":"Similar post","link":""},"img":{"alt_text":"","src":"","width":0,"height":0},"classes":[]},{"id":416,"url":"https:\/\/biharugra.reformatus.hu\/?page_id=416","url_meta":{"origin":421,"position":5},"title":"A kereszts\u00e9g \u00e1ld\u00e1sai","author":"Webmester","date":"2014.04.14.","format":false,"excerpt":"A kereszts\u00e9gben Isten felk\u00edn\u00e1lt szeretet-sz\u00f6vets\u00e9g\u00e9nek pecs\u00e9tje ker\u00fcl a gyermek homlok\u00e1ra. Isten oldal\u00e1r\u00f3l minden k\u00e9sz arra n\u00e9zve, hogy J\u00e9zus Krisztus kereszthal\u00e1la \u00e9s felt\u00e1mad\u00e1sa r\u00e9v\u00e9n a gyermek bocs\u00e1natot nyerjen b\u0171neire, \u00e9s egyben \u00f6v\u00e9 legyen az \u00f6r\u00f6k \u00e9let \u00f6r\u00f6ks\u00e9ge. A feln\u0151tt\u00e9 v\u00e1l\u00f3 emberen m\u00falik viszont, hogy hittel elfogadja-e ezeket az aj\u00e1nd\u00e9kokat vagy sem.\u2026","rel":"","context":"Similar post","block_context":{"text":"Similar post","link":""},"img":{"alt_text":"","src":"","width":0,"height":0},"classes":[]}],"jetpack_sharing_enabled":true,"_links":{"self":[{"href":"https:\/\/biharugra.reformatus.hu\/index.php?rest_route=\/wp\/v2\/pages\/421","targetHints":{"allow":["GET"]}}],"collection":[{"href":"https:\/\/biharugra.reformatus.hu\/index.php?rest_route=\/wp\/v2\/pages"}],"about":[{"href":"https:\/\/biharugra.reformatus.hu\/index.php?rest_route=\/wp\/v2\/types\/page"}],"author":[{"embeddable":true,"href":"https:\/\/biharugra.reformatus.hu\/index.php?rest_route=\/wp\/v2\/users\/1"}],"replies":[{"embeddable":true,"href":"https:\/\/biharugra.reformatus.hu\/index.php?rest_route=%2Fwp%2Fv2%2Fcomments&post=421"}],"version-history":[{"count":1,"href":"https:\/\/biharugra.reformatus.hu\/index.php?rest_route=\/wp\/v2\/pages\/421\/revisions"}],"predecessor-version":[{"id":422,"href":"https:\/\/biharugra.reformatus.hu\/index.php?rest_route=\/wp\/v2\/pages\/421\/revisions\/422"}],"wp:attachment":[{"href":"https:\/\/biharugra.reformatus.hu\/index.php?rest_route=%2Fwp%2Fv2%2Fmedia&parent=421"}],"curies":[{"name":"wp","href":"https:\/\/api.w.org\/{rel}","templated":true}]}}