{"id":428,"date":"2014-04-14T16:03:21","date_gmt":"2014-04-14T14:03:21","guid":{"rendered":"http:\/\/biharugra.reformatus.hu\/?page_id=428"},"modified":"2017-09-22T11:46:28","modified_gmt":"2017-09-22T10:46:28","slug":"a-tizparancsolat","status":"publish","type":"page","link":"https:\/\/biharugra.reformatus.hu\/?page_id=428","title":{"rendered":"A T\u00edzparancsolat"},"content":{"rendered":"<div class=\"entry-content\" itemprop=\"text\">\n<p style=\"text-align: justify;\">T\u00edz seg\u00edts\u00e9g az emberr\u00e9 v\u00e1l\u00e1s \u00fatj\u00e1n (2. M\u00f3zes 20,1-17)<\/p>\n<p style=\"text-align: justify;\">1. \u00c9n, az \u00daR, vagyok a te Istened, aki kihoztalak Egyiptom f\u00f6ldj\u00e9r\u0151l, a szolgas\u00e1g h\u00e1z\u00e1b\u00f3l. [5M\u00f3z 5,6-21] Ne legyen m\u00e1s istened rajtam k\u00edv\u00fcl!<\/p>\n<p style=\"text-align: justify;\">2. Ne csin\u00e1lj magadnak semmif\u00e9le istenszobrot azoknak a k\u00e9pm\u00e1s\u00e1ra, amik fenn az \u00e9gben, lenn a f\u00f6ld\u00f6n, vagy a f\u00f6ld alatt a v\u00edzben vannak. [2M\u00f3z 34,17; 3M\u00f3z 19,4; 26,1; 5M\u00f3z 4,15-18; 27,15] Ne im\u00e1dd \u00e9s ne tiszteld azokat, mert \u00e9n, az \u00daR, a te Istened, f\u00e9lt\u0151n szeret\u0151 Isten vagyok! Megb\u00fcntetem az aty\u00e1k b\u0171n\u00e9\u00e9rt a fiakat is harmad- \u00e9s negyed\u00edzig, ha gy\u0171l\u00f6lnek engem. [2M\u00f3z 34,6-7; 4M\u00f3z 14,18; 5M\u00f3z 7,9-10] De irgalmasan b\u00e1nok ezer\u00edzig azokkal, akik szeretnek engem, \u00e9s megtartj\u00e1k parancsolataimat.<\/p>\n<p style=\"text-align: justify;\">3. Ne mondd ki hi\u00e1ba Istenednek, az \u00daRnak a nev\u00e9t, mert nem hagyja az \u00daR b\u00fcntet\u00e9s n\u00e9lk\u00fcl, ha valaki hi\u00e1ba mondja ki a nev\u00e9t! [3M\u00f3z 19,12]\n<p style=\"text-align: justify;\">4. Eml\u00e9kezz\u00e9l meg a nyugalom napj\u00e1r\u00f3l, \u00e9s szenteld meg azt! [2M\u00f3z 16,23-30; 31,12-17] Hat napon \u00e1t dolgozz \u00e9s v\u00e9gezd mindenf\u00e9le munk\u00e1dat! [2M\u00f3z 23,12; 31,15; 34,21; 35; 3M\u00f3z 23,3] De a hetedik nap a te Istenednek, az \u00daRnak nyugalomnapja. Semmif\u00e9le munk\u00e1t ne v\u00e9gezz azon, se te, se fiad, se le\u00e1nyod, se szolg\u00e1d, se szolg\u00e1l\u00f3d, se \u00e1llatod, se a kapuidon bel\u00fcl tart\u00f3zkod\u00f3 j\u00f6vev\u00e9ny. Mert hat nap alatt alkotta meg az \u00daR az eget, a f\u00f6ldet, a tengert \u00e9s mindent, ami azokban van, a hetedik napon pedig megpihent. Az\u00e9rt meg\u00e1ldotta \u00e9s megszentelte az \u00daR a nyugalom napj\u00e1t. [1M\u00f3z 2,1-3; 2M\u00f3z 31,17; Mt 12,8; Mk 2,27-28; Jn 20,1; 20,19; ApCsel 20,7; 1Kor 16,2]\n<p style=\"text-align: justify;\">5. Tiszteld ap\u00e1dat \u00e9s any\u00e1dat, hogy hossz\u00fa ideig \u00e9lhess azon a f\u00f6ld\u00f6n, amelyet Istened, az \u00daR ad neked! [5M\u00f3z 27,16; Mt 15,4; 19,19; Mk 7,10; 10,19; Lk 18,20; Ef 6,2-3]\n<p style=\"text-align: justify;\">6. Ne \u00f6lj! [1M\u00f3z 9,6; 3M\u00f3z 24,17; Mt 5,21; 19,18; Mk 10,19; Lk 18,20; R\u00f3m 13,9; Jak 2,11]\n<p style=\"text-align: justify;\">7. Ne par\u00e1zn\u00e1lkodj! [3M\u00f3z 20,10; Mt 5,27; 19,18; Mk 10,19; Lk 18,20; R\u00f3m 13,9; Jak 2,11]\n<p style=\"text-align: justify;\">8. Ne lopj! [3M\u00f3z 19,11; Mt 19,18; Mk 10,19; Lk 18,20; R\u00f3m 13,9]\n<p style=\"text-align: justify;\">9. Ne tan\u00faskodj hamisan felebar\u00e1tod ellen! [2M\u00f3z 23,1; Mt 19,18; Mk 10,19; Lk 18,20]\n<p style=\"text-align: justify;\">10. Ne k\u00edv\u00e1nd felebar\u00e1tod h\u00e1z\u00e1t! Ne k\u00edv\u00e1nd felebar\u00e1tod feles\u00e9g\u00e9t, se szolg\u00e1j\u00e1t, se szolg\u00e1l\u00f3j\u00e1t, se \u00f6kr\u00e9t, se szamar\u00e1t, \u00e9s semmit, ami a felebar\u00e1tod\u00e9! [R\u00f3m 7,7; 13,9]\n\n\n<\/div>\n","protected":false},"excerpt":{"rendered":"<div class=\"entry-summary\" itemprop=\"text\">\n<p>T\u00edz seg\u00edts\u00e9g az emberr\u00e9 v\u00e1l\u00e1s \u00fatj\u00e1n (2. M\u00f3zes 20,1-17) 1. \u00c9n, az \u00daR, vagyok a te Istened, aki kihoztalak Egyiptom f\u00f6ldj\u00e9r\u0151l, a szolgas\u00e1g h\u00e1z\u00e1b\u00f3l. [5M\u00f3z 5,6-21] Ne legyen m\u00e1s istened rajtam k\u00edv\u00fcl! 2. Ne csin\u00e1lj magadnak semmif\u00e9le istenszobrot azoknak a k\u00e9pm\u00e1s\u00e1ra, amik fenn az \u00e9gben, lenn a f\u00f6ld\u00f6n, vagy a f\u00f6ld alatt a v\u00edzben vannak. &#8230;<\/p>\n\n<\/div>\n","protected":false},"author":1,"featured_media":0,"parent":0,"menu_order":0,"comment_status":"closed","ping_status":"closed","template":"","meta":{"footnotes":""},"class_list":["post-428","page","type-page","status-publish","hentry","entry-lead"],"jetpack_shortlink":"https:\/\/wp.me\/P9cS46-6U","jetpack-related-posts":[{"id":127,"url":"https:\/\/biharugra.reformatus.hu\/?page_id=127","url_meta":{"origin":428,"position":0},"title":"R\u00e9gebbi igehirdet\u00e9sek","author":"Webmester","date":"2014.04.11.","format":false,"excerpt":"Moln\u00e1r Imre 2011.08.21-i pr\u00e9dik\u00e1ci\u00f3ja Luk\u00e1cs 9, 12-17 (17.v.). El\u0151ima Dr\u00e1ga Mennyei \u00c9desaty\u00e1nk! H\u00e1latelt sz\u00edvvel k\u00f6sz\u00f6nj\u00fck meg, hogy ezen a mai vas\u00e1rnapi d\u00e9lel\u0151tt\u00f6n is egybegy\u0171jt\u00f6tt\u00e9l benn\u00fcnket a Te h\u00e1z\u00e1ban. K\u00f6sz\u00f6nj\u00fck, hogy ell\u00e1tsz benn\u00fcnket lelki t\u00e1pl\u00e1l\u00e9kkal av\u00e9gre, hogy er\u0151s\u00f6dj\u00fcnk hitben \u00e9s l\u00e9lekben. K\u00f6sz\u00f6nj\u00fck, hogy Te emberi gyarl\u00f3s\u00e1gunk ellen\u00e9re sem t\u00e1volodsz el T\u0151l\u00fcnk,\u2026","rel":"","context":"Similar post","block_context":{"text":"Similar post","link":""},"img":{"alt_text":"","src":"","width":0,"height":0},"classes":[]},{"id":409,"url":"https:\/\/biharugra.reformatus.hu\/?page_id=409","url_meta":{"origin":428,"position":1},"title":"Heidelbergi K\u00e1t\u00e9","author":"Webmester","date":"2014.04.14.","format":false,"excerpt":"(R\u00e9szlet a Magyarorsz\u00e1gi Reform\u00e1tus Egyh\u00e1z hitvall\u00e1s\u00e1b\u00f3l) 1. k\u00e9rd\u00e9s: Mi ten\u00e9ked \u00e9letedben \u00e9s hal\u00e1lodban egyetlenegy vigasztal\u00e1sod? Felelet: Az, hogy mind testest\u0151l, mind lelkest\u0151l, mind \u00e9letemben, mind hal\u00e1lomban nem a magam\u00e9, hanem az \u00e9n h\u0171s\u00e9ges Megv\u00e1lt\u00f3mnak, a J\u00e9zus Krisztusnak tulajdona vagyok, aki az O dr\u00e1ga v\u00e9r\u00e9vel minden b\u0171n\u00f6m\u00e9rt t\u00f6k\u00e9letesen eleget tett \u00e9s\u2026","rel":"","context":"Similar post","block_context":{"text":"Similar post","link":""},"img":{"alt_text":"","src":"","width":0,"height":0},"classes":[]},{"id":424,"url":"https:\/\/biharugra.reformatus.hu\/?page_id=424","url_meta":{"origin":428,"position":2},"title":"Az \u00dar im\u00e1ds\u00e1ga","author":"Webmester","date":"2014.04.14.","format":false,"excerpt":"Az \u00dar J\u00e9zus Krisztus \u00e1ltal tan\u00edtott minta im\u00e1ds\u00e1g (M\u00e1t\u00e9 6,9-13) Mi Aty\u00e1nk, aki a mennyekben vagy, szenteltess\u00e9k meg a Te neved, j\u00f6jj\u00f6n el a Te orsz\u00e1god, legyen meg a Te akaratod, amint a mennyben, \u00fagy itt a f\u00f6ld\u00f6n is. Mindennapi kenyer\u00fcnket add meg n\u00e9k\u00fcnk ma, \u00e9s bocs\u00e1sd meg a mi\u2026","rel":"","context":"Similar post","block_context":{"text":"Similar post","link":""},"img":{"alt_text":"","src":"","width":0,"height":0},"classes":[]},{"id":416,"url":"https:\/\/biharugra.reformatus.hu\/?page_id=416","url_meta":{"origin":428,"position":3},"title":"A kereszts\u00e9g \u00e1ld\u00e1sai","author":"Webmester","date":"2014.04.14.","format":false,"excerpt":"A kereszts\u00e9gben Isten felk\u00edn\u00e1lt szeretet-sz\u00f6vets\u00e9g\u00e9nek pecs\u00e9tje ker\u00fcl a gyermek homlok\u00e1ra. Isten oldal\u00e1r\u00f3l minden k\u00e9sz arra n\u00e9zve, hogy J\u00e9zus Krisztus kereszthal\u00e1la \u00e9s felt\u00e1mad\u00e1sa r\u00e9v\u00e9n a gyermek bocs\u00e1natot nyerjen b\u0171neire, \u00e9s egyben \u00f6v\u00e9 legyen az \u00f6r\u00f6k \u00e9let \u00f6r\u00f6ks\u00e9ge. A feln\u0151tt\u00e9 v\u00e1l\u00f3 emberen m\u00falik viszont, hogy hittel elfogadja-e ezeket az aj\u00e1nd\u00e9kokat vagy sem.\u2026","rel":"","context":"Similar post","block_context":{"text":"Similar post","link":""},"img":{"alt_text":"","src":"","width":0,"height":0},"classes":[]},{"id":1896,"url":"https:\/\/biharugra.reformatus.hu\/?page_id=1896","url_meta":{"origin":428,"position":4},"title":"Nyit\u00f3k\u00e9p &#8211; H\u00edv\u0151 \u00e9let","author":"Webmester","date":"2017.09.29.","format":false,"excerpt":"","rel":"","context":"Similar post","block_context":{"text":"Similar post","link":""},"img":{"alt_text":"","src":"https:\/\/i0.wp.com\/biharugra.reformatus.hu\/wp-content\/uploads\/2019\/08\/biblia.jpg?fit=1200%2C582&ssl=1&resize=350%2C200","width":350,"height":200,"srcset":"https:\/\/i0.wp.com\/biharugra.reformatus.hu\/wp-content\/uploads\/2019\/08\/biblia.jpg?fit=1200%2C582&ssl=1&resize=350%2C200 1x, https:\/\/i0.wp.com\/biharugra.reformatus.hu\/wp-content\/uploads\/2019\/08\/biblia.jpg?fit=1200%2C582&ssl=1&resize=525%2C300 1.5x, https:\/\/i0.wp.com\/biharugra.reformatus.hu\/wp-content\/uploads\/2019\/08\/biblia.jpg?fit=1200%2C582&ssl=1&resize=700%2C400 2x, https:\/\/i0.wp.com\/biharugra.reformatus.hu\/wp-content\/uploads\/2019\/08\/biblia.jpg?fit=1200%2C582&ssl=1&resize=1050%2C600 3x"},"classes":[]},{"id":587,"url":"https:\/\/biharugra.reformatus.hu\/?page_id=587","url_meta":{"origin":428,"position":5},"title":"Tataroz\u00e1s \u00e9s fel\u00faj\u00edt\u00e1si tervek Biharugr\u00e1n","author":"Webmester","date":"2014.08.17.","format":false,"excerpt":"A Tisz\u00e1nt\u00fali Reform\u00e1tus Egyh\u00e1zker\u00fclet egyik legr\u00e9gebbi, a Biharugrai Reform\u00e1tus Egyh\u00e1zk\u00f6zs\u00e9g templom\u00e1nak alapjai az \u00c1rp\u00e1d korra ny\u00falnak vissza. Ma jelent\u0151s fel\u00faj\u00edt\u00e1st terveznek. Az elk\u00e9pz\u00e9sek szerint, a k\u00fcls\u0151 fel\u00faj\u00edt\u00e1si munk\u00e1k mellett, l\u00e1togathat\u00f3v\u00e1 tenn\u00e9k a harangtornyot is, ahonnan p\u00e1ratlan kil\u00e1t\u00e1s ny\u00edlik a k\u00f6zs\u00e9gre \u00e9s a R\u00e9tk\u00f6zre. Keleten pedig, tiszta id\u0151ben, j\u00f3l l\u00e1tsz\u00f3dnak a\u2026","rel":"","context":"Similar post","block_context":{"text":"Similar post","link":""},"img":{"alt_text":"","src":"","width":0,"height":0},"classes":[]}],"jetpack_sharing_enabled":true,"_links":{"self":[{"href":"https:\/\/biharugra.reformatus.hu\/index.php?rest_route=\/wp\/v2\/pages\/428","targetHints":{"allow":["GET"]}}],"collection":[{"href":"https:\/\/biharugra.reformatus.hu\/index.php?rest_route=\/wp\/v2\/pages"}],"about":[{"href":"https:\/\/biharugra.reformatus.hu\/index.php?rest_route=\/wp\/v2\/types\/page"}],"author":[{"embeddable":true,"href":"https:\/\/biharugra.reformatus.hu\/index.php?rest_route=\/wp\/v2\/users\/1"}],"replies":[{"embeddable":true,"href":"https:\/\/biharugra.reformatus.hu\/index.php?rest_route=%2Fwp%2Fv2%2Fcomments&post=428"}],"version-history":[{"count":1,"href":"https:\/\/biharugra.reformatus.hu\/index.php?rest_route=\/wp\/v2\/pages\/428\/revisions"}],"predecessor-version":[{"id":429,"href":"https:\/\/biharugra.reformatus.hu\/index.php?rest_route=\/wp\/v2\/pages\/428\/revisions\/429"}],"wp:attachment":[{"href":"https:\/\/biharugra.reformatus.hu\/index.php?rest_route=%2Fwp%2Fv2%2Fmedia&parent=428"}],"curies":[{"name":"wp","href":"https:\/\/api.w.org\/{rel}","templated":true}]}}

A Tízparancsolat

<div class="entry-content" itemprop="text">
<p style="text-align: justify;">Tíz segítség az emberré válás útján (2. Mózes 20,1-17)</p>
<p style="text-align: justify;">1. Én, az ÚR, vagyok a te Istened, aki kihoztalak Egyiptom földjéről, a szolgaság házából. [5Móz 5,6-21] Ne legyen más istened rajtam kívül!</p>
<p style="text-align: justify;">2. Ne csinálj magadnak semmiféle istenszobrot azoknak a képmására, amik fenn az égben, lenn a földön, vagy a föld alatt a vízben vannak. [2Móz 34,17; 3Móz 19,4; 26,1; 5Móz 4,15-18; 27,15] Ne imádd és ne tiszteld azokat, mert én, az ÚR, a te Istened, féltőn szerető Isten vagyok! Megbüntetem az atyák bűnéért a fiakat is harmad- és negyedízig, ha gyűlölnek engem. [2Móz 34,6-7; 4Móz 14,18; 5Móz 7,9-10] De irgalmasan bánok ezerízig azokkal, akik szeretnek engem, és megtartják parancsolataimat.</p>
<p style="text-align: justify;">3. Ne mondd ki hiába Istenednek, az ÚRnak a nevét, mert nem hagyja az ÚR büntetés nélkül, ha valaki hiába mondja ki a nevét! [3Móz 19,12]
<p style="text-align: justify;">4. Emlékezzél meg a nyugalom napjáról, és szenteld meg azt! [2Móz 16,23-30; 31,12-17] Hat napon át dolgozz és végezd mindenféle munkádat! [2Móz 23,12; 31,15; 34,21; 35; 3Móz 23,3] De a hetedik nap a te Istenednek, az ÚRnak nyugalomnapja. Semmiféle munkát ne végezz azon, se te, se fiad, se leányod, se szolgád, se szolgálód, se állatod, se a kapuidon belül tartózkodó jövevény. Mert hat nap alatt alkotta meg az ÚR az eget, a földet, a tengert és mindent, ami azokban van, a hetedik napon pedig megpihent. Azért megáldotta és megszentelte az ÚR a nyugalom napját. [1Móz 2,1-3; 2Móz 31,17; Mt 12,8; Mk 2,27-28; Jn 20,1; 20,19; ApCsel 20,7; 1Kor 16,2]
<p style="text-align: justify;">5. Tiszteld apádat és anyádat, hogy hosszú ideig élhess azon a földön, amelyet Istened, az ÚR ad neked! [5Móz 27,16; Mt 15,4; 19,19; Mk 7,10; 10,19; Lk 18,20; Ef 6,2-3]
<p style="text-align: justify;">6. Ne ölj! [1Móz 9,6; 3Móz 24,17; Mt 5,21; 19,18; Mk 10,19; Lk 18,20; Róm 13,9; Jak 2,11]
<p style="text-align: justify;">7. Ne paráználkodj! [3Móz 20,10; Mt 5,27; 19,18; Mk 10,19; Lk 18,20; Róm 13,9; Jak 2,11]
<p style="text-align: justify;">8. Ne lopj! [3Móz 19,11; Mt 19,18; Mk 10,19; Lk 18,20; Róm 13,9]
<p style="text-align: justify;">9. Ne tanúskodj hamisan felebarátod ellen! [2Móz 23,1; Mt 19,18; Mk 10,19; Lk 18,20]
<p style="text-align: justify;">10. Ne kívánd felebarátod házát! Ne kívánd felebarátod feleségét, se szolgáját, se szolgálóját, se ökrét, se szamarát, és semmit, ami a felebarátodé! [Róm 7,7; 13,9]


</div>

<div class="entry-summary" itemprop="text">
<p>Tíz segítség az emberré válás útján (2. Mózes 20,1-17) 1. Én, az ÚR, vagyok a te Istened, aki kihoztalak Egyiptom földjéről, a szolgaság házából. [5Móz 5,6-21] Ne legyen más istened rajtam kívül! 2. Ne csinálj magadnak semmiféle istenszobrot azoknak a képmására, amik fenn az égben, lenn a földön, vagy a föld alatt a vízben vannak. &#8230;</p>

</div>

Régebbi igehirdetések

Molnár Imre 2011.08.21-i prédikációja Lukács 9, 12-17 (17.v.). Előima Drága Mennyei Édesatyánk! Hálatelt szívvel köszönjük meg, hogy ezen a mai vasárnapi délelőttön is egybegyűjtöttél bennünket a Te házában. Köszönjük, hogy ellátsz bennünket lelki táplálékkal avégre, hogy erősödjünk hitben és lélekben. Köszönjük, hogy Te emberi gyarlóságunk ellenére sem távolodsz el Tőlünk,…

Heidelbergi Káté

(Részlet a Magyarországi Református Egyház hitvallásából) 1. kérdés: Mi tenéked életedben és halálodban egyetlenegy vigasztalásod? Felelet: Az, hogy mind testestől, mind lelkestől, mind életemben, mind halálomban nem a magamé, hanem az én hűséges Megváltómnak, a Jézus Krisztusnak tulajdona vagyok, aki az O drága vérével minden bűnömért tökéletesen eleget tett és…

Az Úr imádsága

Az Úr Jézus Krisztus által tanított minta imádság (Máté 6,9-13) Mi Atyánk, aki a mennyekben vagy, szenteltessék meg a Te neved, jöjjön el a Te országod, legyen meg a Te akaratod, amint a mennyben, úgy itt a földön is. Mindennapi kenyerünket add meg nékünk ma, és bocsásd meg a mi…

A keresztség áldásai

A keresztségben Isten felkínált szeretet-szövetségének pecsétje kerül a gyermek homlokára. Isten oldaláról minden kész arra nézve, hogy Jézus Krisztus kereszthalála és feltámadása révén a gyermek bocsánatot nyerjen bűneire, és egyben övé legyen az örök élet öröksége. A felnőtté váló emberen múlik viszont, hogy hittel elfogadja-e ezeket az ajándékokat vagy sem.…

Nyitókép &#8211; Hívő élet

Tatarozás és felújítási tervek Biharugrán

A Tiszántúli Református Egyházkerület egyik legrégebbi, a Biharugrai Református Egyházközség templomának alapjai az Árpád korra nyúlnak vissza. Ma jelentős felújítást terveznek. Az elképzések szerint, a külső felújítási munkák mellett, látogathatóvá tennék a harangtornyot is, ahonnan páratlan kilátás nyílik a községre és a Rétközre. Keleten pedig, tiszta időben, jól látszódnak a…
