{"id":788,"date":"2015-01-02T12:39:51","date_gmt":"2015-01-02T10:39:51","guid":{"rendered":"http:\/\/biharugra.reformatus.hu\/?page_id=788"},"modified":"2017-09-28T09:37:51","modified_gmt":"2017-09-28T08:37:51","slug":"igehirdetesek-2015","status":"publish","type":"page","link":"https:\/\/biharugra.reformatus.hu\/?page_id=788","title":{"rendered":"Igehirdet\u00e9sek 2015"},"content":{"rendered":"<div class=\"entry-content\" itemprop=\"text\">\n<table class=\" table table-bordered table-striped\">\n<tr>\n<th style=\"text-align: center;\" colspan=\"4\" align=\"center\" width=\"75%\"><img data-recalc-dims=\"1\" decoding=\"async\" data-attachment-id=\"1086\" data-permalink=\"https:\/\/biharugra.reformatus.hu\/?attachment_id=1086\" data-orig-file=\"https:\/\/i0.wp.com\/biharugra.reformatus.hu\/wp-content\/uploads\/2015\/08\/Igehirdetesek-2015.jpg?fit=640%2C296&amp;ssl=1\" data-orig-size=\"640,296\" data-comments-opened=\"0\" data-image-meta='{\"aperture\":\"0\",\"credit\":\"\",\"camera\":\"\",\"caption\":\"\",\"created_timestamp\":\"0\",\"copyright\":\"\",\"focal_length\":\"0\",\"iso\":\"0\",\"shutter_speed\":\"0\",\"title\":\"\",\"orientation\":\"0\"}' data-image-title=\"Igehirdetesek-2015\" data-image-description=\"\" data-image-caption=\"\" data-large-file=\"https:\/\/i0.wp.com\/biharugra.reformatus.hu\/wp-content\/uploads\/2015\/08\/Igehirdetesek-2015.jpg?fit=640%2C296&amp;ssl=1\" src=\"https:\/\/i0.wp.com\/biharugra.reformatus.hu\/wp-content\/uploads\/2015\/08\/Igehirdetesek-2015.jpg?w=640\" alt=\"Igehirdetesek-2015\"  class=\"aligncenter wp-image-1086\" srcset=\"https:\/\/i0.wp.com\/biharugra.reformatus.hu\/wp-content\/uploads\/2015\/08\/Igehirdetesek-2015.jpg?w=640&amp;ssl=1 640w, https:\/\/i0.wp.com\/biharugra.reformatus.hu\/wp-content\/uploads\/2015\/08\/Igehirdetesek-2015.jpg?resize=300%2C139&amp;ssl=1 300w\" sizes=\"(max-width: 640px) 100vw, 640px\" \/>\n<\/th><\/tr>\n<tr>\n<td><span style=\"text-decoration: underline;\"><b>d&#xE1;tum<\/b><\/span><\/td>\n<td><span style=\"text-decoration: underline;\"><b>alkalom neve<\/b><\/span><\/td>\n<td><span style=\"text-decoration: underline;\"><b>alapige<\/b><\/span><\/td>\n<td><span style=\"text-decoration: underline;\"><b>let&#xF6;lt&#xE9;s<\/b><\/span><\/td>\n<\/tr>\n<tr>\n<td>2015.01.01<\/td>\n<td>&#xDA;j&#xE9;v reggele<\/td>\n<td>Mt 5:3-12; &#xC9;zs 43:19<\/td>\n<td><a href=\"https:\/\/drive.google.com\/uc?export=download&amp;id=0B45EkTlhppYeTEFFU3pIbFN3UDg\">let&#xF6;lt&#xE9;s<\/a><\/td>\n<\/tr>\n<tr>\n<td>2015.01.04<\/td>\n<td>Vas&#xE1;rnap<\/td>\n<td>ApCsel 16:11-40; Fil 1:1-11<\/td>\n<td><a href=\"https:\/\/drive.google.com\/uc?export=download&amp;id=0B45EkTlhppYecWNNZVJIQlF4OTQ\">let&#xF6;lt&#xE9;s<\/a><\/td>\n<\/tr>\n<tr>\n<td>2015.01.11<\/td>\n<td>Vas&#xE1;rnap<\/td>\n<td>Fil 1:12-30; Fil 1:27-28<\/td>\n<td><a href=\"https:\/\/drive.google.com\/uc?export=download&amp;id=0B45EkTlhppYeOUtHSXhiUXdsQ1E\">let&#xF6;lt&#xE9;s<\/a><\/td>\n<\/tr>\n<tr>\n<td>2015.01.25<\/td>\n<td>Vas&#xE1;rnap<\/td>\n<td>Fil 2:1-11; Fil 2:4<\/td>\n<td><a href=\"https:\/\/drive.google.com\/uc?export=download&amp;id=0B45EkTlhppYebjctTUJKSUpiMjQ\">let&#xF6;lt&#xE9;s<\/a><\/td>\n<\/tr>\n<tr>\n<td>2015.02.01<\/td>\n<td>Vas&#xE1;rnap<\/td>\n<td>Fil 2:12-30; Fil 2:15<\/td>\n<td><a href=\"https:\/\/drive.google.com\/uc?export=download&amp;id=0B45EkTlhppYeSEFPcjctcndoQnM\">let&#xF6;lt&#xE9;s<\/a><\/td>\n<\/tr>\n<tr>\n<td>2015.02.08<\/td>\n<td>Vas&#xE1;rnap<\/td>\n<td>Fil 3:1-11; Fil 3:7<\/td>\n<td><a href=\"https:\/\/drive.google.com\/uc?export=download&amp;id=0B45EkTlhppYeSFYzTV9sV2hnUFU\">let&#xF6;lt&#xE9;s<\/a><\/td>\n<\/tr>\n<tr>\n<td>2015.02.15<\/td>\n<td>Vas&#xE1;rnap<\/td>\n<td>Fil 3:12-21; Fil 3:20<\/td>\n<td><a href=\"https:\/\/drive.google.com\/uc?export=download&amp;id=0B45EkTlhppYeUU9pd0pkdXl1UFk\">let&#xF6;lt&#xE9;s<\/a><\/td>\n<\/tr>\n<tr>\n<td>2015.02.22<\/td>\n<td>Vas&#xE1;rnap<\/td>\n<td>Fil 4:1-23; Hab 3:17-18<\/td>\n<td><a href=\"https:\/\/drive.google.com\/uc?export=download&amp;id=0B45EkTlhppYeREJGdGRQQ0M5WEk\">let&#xF6;lt&#xE9;s<\/a><\/td>\n<\/tr>\n<tr>\n<td>2015.03.01<\/td>\n<td>B&#xF6;jt<\/td>\n<td>M&#xE1;t&#xE9; 9:14-17; M&#xE1;t&#xE9; 9:15<\/td>\n<td><a href=\"https:\/\/drive.google.com\/uc?export=download&amp;id=0B45EkTlhppYeV0pfUklLX3J5amM\">let&#xF6;lt&#xE9;s<\/a><\/td>\n<\/tr>\n<tr>\n<td>2015.03.08<\/td>\n<td>Vas&#xE1;rnap<\/td>\n<td>2 Kor 13:1-13; 2 Kor 13:5a<\/td>\n<td><a href=\"https:\/\/drive.google.com\/uc?export=download&amp;id=0B45EkTlhppYeVkFzOXlpVTg5U3M\">let&#xF6;lt&#xE9;s<\/a><\/td>\n<\/tr>\n<tr>\n<td>2015.03.15<\/td>\n<td>M&#xE1;rcius 15.<\/td>\n<td>R&#xF3;ma 7:14-25<\/td>\n<td><a href=\"https:\/\/drive.google.com\/uc?export=download&amp;id=0B45EkTlhppYeVENSUXBSVjgxVzg\">let&#xF6;lt&#xE9;s<\/a><\/td>\n<\/tr>\n<tr>\n<td>2015.03.22<\/td>\n<td>Vas&#xE1;rnap<\/td>\n<td>D&#xE1;n 12:1-13; Mt 13:47-50<\/td>\n<td><a href=\"https:\/\/drive.google.com\/uc?export=download&amp;id=0B45EkTlhppYebDI3cVR3aFlJZE0\">let&#xF6;lt&#xE9;s<\/a><\/td>\n<\/tr>\n<tr>\n<td>2015.03.29<\/td>\n<td>Vir&#xE1;gvas&#xE1;rnap<\/td>\n<td>Mk 11:1-11; Mk 11:2-3<\/td>\n<td><a href=\"https:\/\/drive.google.com\/uc?export=download&amp;id=0B45EkTlhppYeZEg4TWw0YnZkX00\">let&#xF6;lt&#xE9;s<\/a><\/td>\n<\/tr>\n<tr>\n<td>2015.04.03<\/td>\n<td>Nagyp&#xE9;ntek<\/td>\n<td>Mk 14:26-31; Mk 14:66-72<\/td>\n<td><a href=\"https:\/\/drive.google.com\/uc?export=download&amp;id=0B45EkTlhppYeLTFDNTFZeFVEMXc\">let&#xF6;lt&#xE9;s<\/a><\/td>\n<\/tr>\n<tr>\n<td>2015.04.05<\/td>\n<td>H&#xFA;sv&#xE9;t 1.<\/td>\n<td>Zsid 11:32-40; Zsid 11:35<\/td>\n<td><a href=\"https:\/\/drive.google.com\/uc?export=download&amp;id=0B45EkTlhppYeRjA2NVBHemhrbHc\">let&#xF6;lt&#xE9;s<\/a><\/td>\n<\/tr>\n<tr>\n<td>2015.04.06<\/td>\n<td>H&#xFA;sv&#xE9;t 2.<\/td>\n<td>Jn 20:24-31<\/td>\n<td><a href=\"https:\/\/drive.google.com\/uc?export=download&amp;id=0B45EkTlhppYeUTg2U25vTUZEdTA\">let&#xF6;lt&#xE9;s<\/a><\/td>\n<\/tr>\n<tr>\n<td>2015.04.12<\/td>\n<td>Vas&#xE1;rnap<\/td>\n<td>4 M&#xF3;z 21:4-9; Jn 3:14-15<\/td>\n<td><a href=\"https:\/\/drive.google.com\/uc?export=download&amp;id=0B45EkTlhppYeRXFDdFk5RjJzdVU\">let&#xF6;lt&#xE9;s<\/a><\/td>\n<\/tr>\n<tr>\n<td>2015.04.19<\/td>\n<td>Vas&#xE1;rnap<\/td>\n<td>1 M&#xF3;z 15:1-21; 1 M&#xF3;z 15:17-18a<\/td>\n<td><a href=\"https:\/\/drive.google.com\/uc?export=download&amp;id=0B45EkTlhppYeOHN5RWhVSTczUkE\">let&#xF6;lt&#xE9;s<\/a><\/td>\n<\/tr>\n<tr>\n<td>2015.04.26<\/td>\n<td>Vas&#xE1;rnap<\/td>\n<td>Ef 1:2-14; 1 Jn 4:20-21<\/td>\n<td><a href=\"https:\/\/drive.google.com\/uc?export=download&amp;id=0B45EkTlhppYeNnRVUnJBUjU5ODA\">let&#xF6;lt&#xE9;s<\/a><\/td>\n<\/tr>\n<tr>\n<td>2015.05.03<\/td>\n<td>Any&#xE1;k napja<\/td>\n<td>Jn 1:35-51; Jn 4:42<\/td>\n<td><a href=\"https:\/\/drive.google.com\/uc?export=download&amp;id=0B45EkTlhppYeNDM3aXNaUDZJa3c\">let&#xF6;lt&#xE9;s<\/a><\/td>\n<\/tr>\n<tr>\n<td>2015.05.10<\/td>\n<td>Vas&#xE1;rnap<\/td>\n<td>ApCsel 4:1-22; Mt 10:32-33<\/td>\n<td><a href=\"https:\/\/drive.google.com\/uc?export=download&amp;id=0B45EkTlhppYeVENUQW1SNDNhekE\">let&#xF6;lt&#xE9;s<\/a><\/td>\n<\/tr>\n<tr>\n<td>2015.05.14<\/td>\n<td>Mennybemenetel<\/td>\n<td>Ef 1:15-23; Jn 16:7<\/td>\n<td><a href=\"https:\/\/drive.google.com\/uc?export=download&amp;id=0B45EkTlhppYeWUF2a05oVllrVm8\">let&#xF6;lt&#xE9;s<\/a><\/td>\n<\/tr>\n<tr>\n<td>2015.05.17<\/td>\n<td>Konfirm&#xE1;ci&#xF3;<\/td>\n<td>Mt5:1-10; Mt 5:11-12<\/td>\n<td><a href=\"https:\/\/drive.google.com\/uc?export=download&amp;id=0B45EkTlhppYeNHptNlJaUnJqaVU\">let&#xF6;lt&#xE9;s<\/a><\/td>\n<\/tr>\n<tr>\n<td>2015.05.24<\/td>\n<td>P&#xFC;nk&#xF6;sd 1.<\/td>\n<td>D&#xE1;n 3:13-18; 1 Kor 2:11-12<\/td>\n<td><a href=\"https:\/\/drive.google.com\/uc?export=download&amp;id=0B45EkTlhppYeYzVzYlhGUzliNlE\">let&#xF6;lt&#xE9;s<\/a><\/td>\n<\/tr>\n<tr>\n<td>2015.05.25<\/td>\n<td>P&#xFC;nk&#xF6;sd 2.<\/td>\n<td>ApCsel 2:40-47<\/td>\n<td><a href=\"https:\/\/drive.google.com\/uc?export=download&amp;id=0B45EkTlhppYeRVFpYVJOR2hUZU0\">let&#xF6;lt&#xE9;s<\/a><\/td>\n<\/tr>\n<tr>\n<td>2015.05.31<\/td>\n<td>Vas&#xE1;rnap<\/td>\n<td>2 M&#xF3;z 20:1-17, Kol 3:23-24<\/td>\n<td><a href=\"https:\/\/drive.google.com\/uc?export=download&amp;id=0B45EkTlhppYeS1poeG1aVnAxdG8\">let&#xF6;lt&#xE9;s<\/a><\/td>\n<\/tr>\n<tr>\n<td>2015.06.07<\/td>\n<td>H&#xE1;laad&#xF3; istentisztelet<\/td>\n<td>Zsolt 150<\/td>\n<td><a href=\"https:\/\/drive.google.com\/uc?export=download&amp;id=0B45EkTlhppYebENKYW9STXNjSTg\">let&#xF6;lt&#xE9;s<\/a><\/td>\n<\/tr>\n<tr>\n<td>2015.06.21<\/td>\n<td>Vas&#xE1;rnap<\/td>\n<td>Zsolt 73<\/td>\n<td><a href=\"https:\/\/drive.google.com\/uc?export=download&amp;id=0B45EkTlhppYeMTdaaTFIUWdvX3M\">let&#xF6;lt&#xE9;s<\/a><\/td>\n<\/tr>\n<tr>\n<td>2015.06.28<\/td>\n<td>Vas&#xE1;rnap<\/td>\n<td>Zsolt 3; Zsolt 3:4<\/td>\n<td><a href=\"https:\/\/drive.google.com\/uc?export=download&amp;id=0B45EkTlhppYeWWVnTlJYcmIwWXc\">let&#xF6;lt&#xE9;s<\/a><\/td>\n<\/tr>\n<tr>\n<td>2015.07.05<\/td>\n<td>Vas&#xE1;rnap<\/td>\n<td>Zsolt 126; Zsolt 39:13-14<\/td>\n<td><a href=\"https:\/\/drive.google.com\/uc?export=download&amp;id=0B45EkTlhppYeRXM3a2hLOUNlUGc\">let&#xF6;lt&#xE9;s<\/a><\/td>\n<\/tr>\n<tr>\n<td>2015.07.12<\/td>\n<td>Vas&#xE1;rnap<\/td>\n<td>Zsolt 130; 1 Kor 4:3-4<\/td>\n<td><a href=\"https:\/\/drive.google.com\/uc?export=download&amp;id=0B45EkTlhppYeLVhCSE12OGRVa28\">let&#xF6;lt&#xE9;s<\/a><\/td>\n<\/tr>\n<tr>\n<td>2015.07.19<\/td>\n<td>Gyerekt&#xE1;bor z&#xE1;r&#xF3;<\/td>\n<td>Rm 12:2<\/td>\n<td><a href=\"https:\/\/drive.google.com\/uc?export=download&amp;id=0B45EkTlhppYeckJnTzVlSDdUQzQ\">let&#xF6;lt&#xE9;s<\/a><\/td>\n<\/tr>\n<tr>\n<td>2015.07.26<\/td>\n<td>Vas&#xE1;rnap<\/td>\n<td>&#xC9;zs 11:1-16; J&#xF3;b 14:7<\/td>\n<td><a href=\"https:\/\/drive.google.com\/uc?export=download&amp;id=0B45EkTlhppYec0sySnR5Z1Y0Ync\">let&#xF6;lt&#xE9;s<\/a><\/td>\n<\/tr>\n<tr>\n<td>2015.08.09<\/td>\n<td>Vas&#xE1;rnap<\/td>\n<td>Zsid 1:1-4; 2:1-4; &#xC9;zs 41:13<\/td>\n<td><a href=\"https:\/\/drive.google.com\/uc?export=download&amp;id=0B45EkTlhppYeUjhpSkJJTDVpUk0\">let&#xF6;lt&#xE9;s<\/a><\/td>\n<\/tr>\n<tr>\n<td>2015.08.16<\/td>\n<td>Vas&#xE1;rnap<\/td>\n<td>2 M&#xF3;z 3:1-15; Zsolt 9:11<\/td>\n<td><a href=\"https:\/\/drive.google.com\/uc?export=download&amp;id=0B45EkTlhppYeMEZqbUFqQVFaaGM\">let&#xF6;lt&#xE9;s<\/a><\/td>\n<\/tr>\n<tr>\n<td>2015.08.23<\/td>\n<td>&#xDA;jkeny&#xE9;r<\/td>\n<td>Zsolt 139:1-18; Zsolt 139:13-14<\/td>\n<td><a href=\"https:\/\/drive.google.com\/uc?export=download&amp;id=0B45EkTlhppYeY2tHRDJjdUJvMm8\">let&#xF6;lt&#xE9;s<\/a><\/td>\n<\/tr>\n<tr>\n<td>2015.08.30<\/td>\n<td>Vas&#xE1;rnap<\/td>\n<td>Jak 1:1-18; Mt 5:48<\/td>\n<td><a href=\"https:\/\/drive.google.com\/uc?export=download&amp;id=0B45EkTlhppYeNWhOYWk4M1lxS2M\">let&#xF6;lt&#xE9;s<\/a><\/td>\n<\/tr>\n<tr>\n<td>2015.09.06<\/td>\n<td>Vas&#xE1;rnap<\/td>\n<td>Jak 1:19-27; Lk 22:31-34<\/td>\n<td><a href=\"https:\/\/drive.google.com\/uc?export=download&amp;id=0B45EkTlhppYeQnhJWHozTE56S00\">let&#xF6;lt&#xE9;s<\/a><\/td>\n<\/tr>\n<tr>\n<td>2015.09.13<\/td>\n<td>Vas&#xE1;rnap<\/td>\n<td>Jak 2:1-13; Mt 6:24<\/td>\n<td><a href=\"https:\/\/drive.google.com\/uc?export=download&amp;id=0B45EkTlhppYeZm5qOW5VanlKUWM\">let&#xF6;lt&#xE9;s<\/a><\/td>\n<\/tr>\n<tr>\n<td>2015.09.20<\/td>\n<td>Vas&#xE1;rnap<\/td>\n<td>Jak 2:14-26; Mt 7:20-21<\/td>\n<td><a href=\"https:\/\/drive.google.com\/uc?export=download&amp;id=0B45EkTlhppYeQ2tfNnlidFpuX2M\">let&#xF6;lt&#xE9;s<\/a><\/td>\n<\/tr>\n<tr>\n<td>2015.09.27<\/td>\n<td>Vas&#xE1;rnap<\/td>\n<td>Jak 3:1-12; P&#xE9;ld:18:21<\/td>\n<td><a href=\"https:\/\/drive.google.com\/uc?export=download&amp;id=0B45EkTlhppYeNGdSbjk2UmVaZDg\">let&#xF6;lt&#xE9;s<\/a><\/td>\n<\/tr>\n<tr>\n<td>2015.10.04<\/td>\n<td>Vas&#xE1;rnap<\/td>\n<td>Jak 3:13-17; P&#xE9;ld:23:19<\/td>\n<td><a href=\"https:\/\/drive.google.com\/uc?export=download&amp;id=0B45EkTlhppYec3VzeXYtZkdNSnc\">let&#xF6;lt&#xE9;s<\/a><\/td>\n<\/tr>\n<tr>\n<td>2015.10.18<\/td>\n<td>Vas&#xE1;rnap<\/td>\n<td>Jak 4:11-17; Mt 6:34-7:5<\/td>\n<td><a href=\"https:\/\/drive.google.com\/uc?export=download&amp;id=0B45EkTlhppYeTHI1MFdnNG1tdGs\">let&#xF6;lt&#xE9;s<\/a><\/td>\n<\/tr>\n<tr>\n<td>2015.10.23<\/td>\n<td>Okt&#xF3;ber 23.<\/td>\n<td>Jer 1:14-19<\/td>\n<td><a href=\"https:\/\/drive.google.com\/uc?export=download&amp;id=0B45EkTlhppYedWhDRXhSSkFxYTQ\">let&#xF6;lt&#xE9;s<\/a><\/td>\n<\/tr>\n<tr>\n<td>2015.10.25<\/td>\n<td>Vas&#xE1;rnap<\/td>\n<td>Lk 12:13-21; Jak 5:1-6<\/td>\n<td><a href=\"https:\/\/drive.google.com\/uc?export=download&amp;id=0B45EkTlhppYeVi1MTXZ1c3EzM1k\">let&#xF6;lt&#xE9;s<\/a><\/td>\n<\/tr>\n<tr>\n<td>2015.10.31<\/td>\n<td>Reform&#xE1;ci&#xF3;<\/td>\n<td>Zsolt 119:1-20; 2Tim3:16-17<\/td>\n<td><a href=\"https:\/\/drive.google.com\/uc?export=download&amp;id=0B45EkTlhppYeVnE2bUdwWThieEk\">let&#xF6;lt&#xE9;s<\/a><\/td>\n<\/tr>\n<tr>\n<td>2015.11.01<\/td>\n<td>Vas&#xE1;rnap<\/td>\n<td>1Thessz 4:13-18; Jak 5:7-12<\/td>\n<td><a href=\"https:\/\/drive.google.com\/uc?export=download&amp;id=0B45EkTlhppYeWEJDWVNpUkV5TTQ\">let&#xF6;lt&#xE9;s<\/a><\/td>\n<\/tr>\n<tr>\n<td>2015.11.15<\/td>\n<td>Vas&#xE1;rnap<\/td>\n<td>Jak 5:13-20; Mk 11:24<\/td>\n<td><a href=\"https:\/\/drive.google.com\/uc?export=download&amp;id=0B45EkTlhppYeQXdUdXg2Z3p3cGc\">let&#xF6;lt&#xE9;s<\/a><\/td>\n<\/tr>\n<tr>\n<td>2015.11.22<\/td>\n<td>Vas&#xE1;rnap<\/td>\n<td>Rm 1:16-25; 2Kir 5:15<\/td>\n<td><a href=\"https:\/\/drive.google.com\/uc?export=download&amp;id=0B45EkTlhppYeNUVrUlJBMnBwQzA\">let&#xF6;lt&#xE9;s<\/a><\/td>\n<\/tr>\n<tr>\n<td>2015.11.29<\/td>\n<td>Advent 1.<\/td>\n<td>Jn 14:5-15; Jn 17:3<\/td>\n<td><a href=\"https:\/\/drive.google.com\/uc?export=download&amp;id=0B45EkTlhppYeZjNYMXVkLXJ6YVU\">let&#xF6;lt&#xE9;s<\/a><\/td>\n<\/tr>\n<tr>\n<td>2015.12.06<\/td>\n<td>Advent 2.<\/td>\n<td>Gal 4:1-6; Ef 1:5-6<\/td>\n<td><a href=\"https:\/\/drive.google.com\/uc?export=download&amp;id=0B45EkTlhppYea0tHbkVoRTdsa3c\">let&#xF6;lt&#xE9;s<\/a><\/td>\n<\/tr>\n<tr>\n<td>2015.12.13<\/td>\n<td>Advent 3.<\/td>\n<td>Kol 1:15-20; Kol 1:17<\/td>\n<td><a href=\"https:\/\/drive.google.com\/uc?export=download&amp;id=0B45EkTlhppYeXzZKTWNCZTVoYjQ\">let&#xF6;lt&#xE9;s<\/a><\/td>\n<\/tr>\n<tr>\n<td>2015.12.20<\/td>\n<td>Advent 4.<\/td>\n<td>Mt 1:18-2:1; 2 Jn 1:7<\/td>\n<td><a href=\"https:\/\/drive.google.com\/uc?export=download&amp;id=0B45EkTlhppYecGlzMm1MRzZxLVk\">let&#xF6;lt&#xE9;s<\/a><\/td>\n<\/tr>\n<tr>\n<td>2015.12.24<\/td>\n<td>Szenteste<\/td>\n<td>Tit 2:11-14<\/td>\n<td><a href=\"https:\/\/drive.google.com\/uc?export=download&amp;id=0B45EkTlhppYecnYzRjBXdllNelE\">let&#xF6;lt&#xE9;s<\/a><\/td>\n<\/tr>\n<tr>\n<td>2015.12.25<\/td>\n<td>Kar&#xE1;csony 1.<\/td>\n<td>Lk 2:8-20; Jn 2:4b<\/td>\n<td><a href=\"https:\/\/drive.google.com\/uc?export=download&amp;id=0B45EkTlhppYeYWpfV1Brc0NNM00\">let&#xF6;lt&#xE9;s<\/a><\/td>\n<\/tr>\n<tr>\n<td>2015.12.26<\/td>\n<td>Kar&#xE1;csony 2.<\/td>\n<td>Mt 2:1-12; &#xC9;zs 60:6<\/td>\n<td><a href=\"https:\/\/drive.google.com\/uc?export=download&amp;id=0B45EkTlhppYeeFVFNS14WnMxWXM\">let&#xF6;lt&#xE9;s<\/a><\/td>\n<\/tr>\n<tr>\n<td>2015.12.27<\/td>\n<td>Vas&#xE1;rnap<\/td>\n<td>Jn 16:12-14; Jn 20:22<\/td>\n<td><a href=\"https:\/\/drive.google.com\/uc?export=download&amp;id=0B45EkTlhppYedUw2R2pCdUhIcm8\">let&#xF6;lt&#xE9;s<\/a><\/td>\n<\/tr>\n<tr>\n<td>2015.12.31<\/td>\n<td>&#xD3;&#xE9;v est&#xE9;je<\/td>\n<td>Zsolt 63:2-5<\/td>\n<td><a href=\"https:\/\/drive.google.com\/uc?export=download&amp;id=0B45EkTlhppYeMjd5ME55dy1pUW8\">let&#xF6;lt&#xE9;s<\/a><\/td>\n<\/tr>\n<\/table>\n<p><center><span style=\"font-size: large;\">Az igehirdet\u00e9sek meghallgat\u00e1sa,<\/span><br \/>\n<span style=\"font-size: xx-large;\"><span style=\"text-decoration: underline;\">NEM P\u00d3TOLJA<\/span><\/span><span style=\"font-size: large;\"><br \/>Isten, gy\u00fclekezeti k\u00f6z\u00f6ss\u00e9gben megnyerhet\u0151 \u00e1ld\u00e1sait!<br \/>\n<i>V\u00e1rjuk szeretettel!<\/i><\/span><\/center><\/p>\n\n\n<\/div>\n","protected":false},"excerpt":{"rendered":"<div class=\"entry-summary\" itemprop=\"text\">\n<p>Az igehirdet\u00e9sek meghallgat\u00e1sa, NEM P\u00d3TOLJAIsten, gy\u00fclekezeti k\u00f6z\u00f6ss\u00e9gben megnyerhet\u0151 \u00e1ld\u00e1sait! V\u00e1rjuk szeretettel!<\/p>\n\n<\/div>\n","protected":false},"author":1,"featured_media":0,"parent":0,"menu_order":0,"comment_status":"closed","ping_status":"closed","template":"","meta":{"footnotes":""},"class_list":["post-788","page","type-page","status-publish","hentry","entry-lead"],"jetpack_shortlink":"https:\/\/wp.me\/P9cS46-cI","jetpack-related-posts":[{"id":2163,"url":"https:\/\/biharugra.reformatus.hu\/?page_id=2163","url_meta":{"origin":788,"position":0},"title":"Igehirdet\u00e9sek 2018","author":"Webmester","date":"2017.12.31.","format":false,"excerpt":"Az igehirdet\u00e9sek meghallgat\u00e1sa, NEM P\u00d3TOLJA Isten, gy\u00fclekezeti k\u00f6z\u00f6ss\u00e9gben megnyerhet\u0151 \u00e1ld\u00e1sait! V\u00e1rjuk szeretettel!","rel":"","context":"Similar post","block_context":{"text":"Similar post","link":""},"img":{"alt_text":"","src":"","width":0,"height":0},"classes":[]},{"id":2593,"url":"https:\/\/biharugra.reformatus.hu\/?page_id=2593","url_meta":{"origin":788,"position":1},"title":"Igehirdet\u00e9sek 2019","author":"Webmester","date":"2019.01.02.","format":false,"excerpt":"Az igehirdet\u00e9sek meghallgat\u00e1sa, NEM P\u00d3TOLJA Isten, gy\u00fclekezeti k\u00f6z\u00f6ss\u00e9gben megnyerhet\u0151 \u00e1ld\u00e1sait! V\u00e1rjuk szeretettel!","rel":"","context":"Similar post","block_context":{"text":"Similar post","link":""},"img":{"alt_text":"","src":"","width":0,"height":0},"classes":[]},{"id":1372,"url":"https:\/\/biharugra.reformatus.hu\/?page_id=1372","url_meta":{"origin":788,"position":2},"title":"Igehirdet\u00e9sek 2017","author":"Webmester","date":"2016.12.25.","format":false,"excerpt":"Az igehirdet\u00e9sek meghallgat\u00e1sa, NEM P\u00d3TOLJA Isten, gy\u00fclekezeti k\u00f6z\u00f6ss\u00e9gben megnyerhet\u0151 \u00e1ld\u00e1sait! V\u00e1rjuk szeretettel!","rel":"","context":"Similar post","block_context":{"text":"Similar post","link":""},"img":{"alt_text":"","src":"","width":0,"height":0},"classes":[]},{"id":1213,"url":"https:\/\/biharugra.reformatus.hu\/?page_id=1213","url_meta":{"origin":788,"position":3},"title":"Igehirdet\u00e9sek 2016","author":"Webmester","date":"2016.01.05.","format":false,"excerpt":"Az igehirdet\u00e9sek meghallgat\u00e1sa, NEM P\u00d3TOLJAIsten, gy\u00fclekezeti k\u00f6z\u00f6ss\u00e9gben megnyerhet\u0151 \u00e1ld\u00e1sait! V\u00e1rjuk szeretettel!","rel":"","context":"Similar post","block_context":{"text":"Similar post","link":""},"img":{"alt_text":"","src":"","width":0,"height":0},"classes":[]},{"id":2932,"url":"https:\/\/biharugra.reformatus.hu\/?page_id=2932","url_meta":{"origin":788,"position":4},"title":"Igehirdet\u00e9sek 2020","author":"Webmester","date":"2019.12.31.","format":false,"excerpt":"Az igehirdet\u00e9sek meghallgat\u00e1sa, NEM P\u00d3TOLJA Isten, gy\u00fclekezeti k\u00f6z\u00f6ss\u00e9gben megnyerhet\u0151 \u00e1ld\u00e1sait! V\u00e1rjuk szeretettel!","rel":"","context":"Similar post","block_context":{"text":"Similar post","link":""},"img":{"alt_text":"","src":"","width":0,"height":0},"classes":[]},{"id":111,"url":"https:\/\/biharugra.reformatus.hu\/?page_id=111","url_meta":{"origin":788,"position":5},"title":"Igehirdet\u00e9sek 2014","author":"Webmester","date":"2014.04.01.","format":false,"excerpt":"Az igehirdet\u00e9sek meghallgat\u00e1sa, NEM P\u00d3TOLJAIsten, gy\u00fclekezeti k\u00f6z\u00f6ss\u00e9gben megnyerhet\u0151 \u00e1ld\u00e1sait! V\u00e1rjuk szeretettel!","rel":"","context":"Similar post","block_context":{"text":"Similar post","link":""},"img":{"alt_text":"","src":"","width":0,"height":0},"classes":[]}],"jetpack_sharing_enabled":true,"_links":{"self":[{"href":"https:\/\/biharugra.reformatus.hu\/index.php?rest_route=\/wp\/v2\/pages\/788","targetHints":{"allow":["GET"]}}],"collection":[{"href":"https:\/\/biharugra.reformatus.hu\/index.php?rest_route=\/wp\/v2\/pages"}],"about":[{"href":"https:\/\/biharugra.reformatus.hu\/index.php?rest_route=\/wp\/v2\/types\/page"}],"author":[{"embeddable":true,"href":"https:\/\/biharugra.reformatus.hu\/index.php?rest_route=\/wp\/v2\/users\/1"}],"replies":[{"embeddable":true,"href":"https:\/\/biharugra.reformatus.hu\/index.php?rest_route=%2Fwp%2Fv2%2Fcomments&post=788"}],"version-history":[{"count":87,"href":"https:\/\/biharugra.reformatus.hu\/index.php?rest_route=\/wp\/v2\/pages\/788\/revisions"}],"predecessor-version":[{"id":1738,"href":"https:\/\/biharugra.reformatus.hu\/index.php?rest_route=\/wp\/v2\/pages\/788\/revisions\/1738"}],"wp:attachment":[{"href":"https:\/\/biharugra.reformatus.hu\/index.php?rest_route=%2Fwp%2Fv2%2Fmedia&parent=788"}],"curies":[{"name":"wp","href":"https:\/\/api.w.org\/{rel}","templated":true}]}}